Last updated on 2019-11-26 00:51:45 CET.
Flavor | Version | Tinstall | Tcheck | Ttotal | Status | Flags |
---|---|---|---|---|---|---|
r-devel-linux-x86_64-debian-clang | 0.5 | 36.80 | 63.08 | 99.88 | OK | |
r-devel-linux-x86_64-debian-gcc | 0.5 | 27.52 | 47.85 | 75.37 | OK | |
r-devel-linux-x86_64-fedora-clang | 0.5 | 124.02 | WARN | |||
r-devel-linux-x86_64-fedora-gcc | 0.5 | 123.34 | WARN | |||
r-devel-windows-ix86+x86_64 | 0.5 | 92.00 | 101.00 | 193.00 | OK | |
r-devel-windows-ix86+x86_64-gcc8 | 0.5 | 94.00 | 103.00 | 197.00 | OK | |
r-patched-linux-x86_64 | 0.5 | 27.73 | 61.63 | 89.36 | OK | |
r-patched-solaris-x86 | 0.5 | 145.20 | OK | |||
r-release-linux-x86_64 | 0.5 | 30.20 | 60.94 | 91.14 | OK | |
r-release-windows-ix86+x86_64 | 0.5 | 82.00 | 103.00 | 185.00 | OK | |
r-release-osx-x86_64 | 0.5 | OK | ||||
r-oldrel-windows-ix86+x86_64 | 0.5 | 50.00 | 140.00 | 190.00 | OK | |
r-oldrel-osx-x86_64 | 0.5 | OK |
Version: 0.5
Check: re-building of vignette outputs
Result: WARN
Error(s) in re-building vignettes:
--- re-building ‘BCSub.Rmd’ using rmarkdown
! LaTeX Error: Environment cslreferences undefined.
Error: processing vignette 'BCSub.Rmd' failed with diagnostics:
Failed to compile BCSub.tex. See https://yihui.name/tinytex/r/#debugging for debugging tips. See BCSub.log for more info.
--- failed re-building ‘BCSub.Rmd’
SUMMARY: processing the following file failed:
‘BCSub.Rmd’
Error: Vignette re-building failed.
Execution halted
Flavors: r-devel-linux-x86_64-fedora-clang, r-devel-linux-x86_64-fedora-gcc