Last updated on 2019-11-26 00:51:45 CET.
Flavor | Version | Tinstall | Tcheck | Ttotal | Status | Flags |
---|---|---|---|---|---|---|
r-devel-linux-x86_64-debian-clang | 0.1.0 | 2.15 | 17.00 | 19.15 | OK | |
r-devel-linux-x86_64-debian-gcc | 0.1.0 | 1.72 | 13.68 | 15.40 | OK | |
r-devel-linux-x86_64-fedora-clang | 0.1.0 | 24.91 | NOTE | |||
r-devel-linux-x86_64-fedora-gcc | 0.1.0 | 22.24 | NOTE | |||
r-devel-windows-ix86+x86_64 | 0.1.0 | 14.00 | 43.00 | 57.00 | OK | |
r-devel-windows-ix86+x86_64-gcc8 | 0.1.0 | 8.00 | 29.00 | 37.00 | OK | |
r-patched-linux-x86_64 | 0.1.0 | 1.64 | 16.48 | 18.12 | OK | |
r-patched-solaris-x86 | 0.1.0 | 35.50 | NOTE | |||
r-release-linux-x86_64 | 0.1.0 | 1.66 | 16.60 | 18.26 | OK | |
r-release-windows-ix86+x86_64 | 0.1.0 | 10.00 | 38.00 | 48.00 | OK | |
r-release-osx-x86_64 | 0.1.0 | NOTE | ||||
r-oldrel-windows-ix86+x86_64 | 0.1.0 | 3.00 | 28.00 | 31.00 | OK | |
r-oldrel-osx-x86_64 | 0.1.0 | NOTE |
Version: 0.1.0
Check: dependencies in R code
Result: NOTE
Namespaces in Imports field not imported from:
‘caret’ ‘datasets’ ‘dplyr’ ‘e1071’ ‘ggplot2’ ‘rhandsontable’ ‘shiny’
All declared Imports should be used.
Flavors: r-devel-linux-x86_64-fedora-clang, r-devel-linux-x86_64-fedora-gcc, r-patched-solaris-x86, r-release-osx-x86_64, r-oldrel-osx-x86_64