Last updated on 2019-11-26 00:51:44 CET.
Flavor | Version | Tinstall | Tcheck | Ttotal | Status | Flags |
---|---|---|---|---|---|---|
r-devel-linux-x86_64-debian-clang | 2.1 | 5.27 | 32.25 | 37.52 | OK | |
r-devel-linux-x86_64-debian-gcc | 2.1 | 5.01 | 25.90 | 30.91 | OK | |
r-devel-linux-x86_64-fedora-clang | 2.1 | 48.25 | OK | |||
r-devel-linux-x86_64-fedora-gcc | 2.1 | 43.44 | OK | |||
r-devel-windows-ix86+x86_64 | 2.1 | 13.00 | 62.00 | 75.00 | OK | |
r-devel-windows-ix86+x86_64-gcc8 | 2.1 | 12.00 | 42.00 | 54.00 | OK | |
r-patched-linux-x86_64 | 2.1 | 5.80 | 31.21 | 37.01 | NOTE | |
r-patched-solaris-x86 | 2.1 | 60.90 | OK | |||
r-release-linux-x86_64 | 2.1 | 4.80 | 31.88 | 36.68 | NOTE | |
r-release-windows-ix86+x86_64 | 2.1 | 14.00 | 45.00 | 59.00 | OK | |
r-release-osx-x86_64 | 2.1 | OK | ||||
r-oldrel-windows-ix86+x86_64 | 2.1 | 6.00 | 55.00 | 61.00 | OK | |
r-oldrel-osx-x86_64 | 2.1 | OK |
Version: 2.1
Check: DESCRIPTION meta-information
Result: NOTE
Dependence on R version ‘3.4.1’ not with patchlevel 0
Flavors: r-patched-linux-x86_64, r-release-linux-x86_64