CRAN Package Check Results for Package BayesESS

Last updated on 2019-11-26 00:51:44 CET.

Flavor Version Tinstall Tcheck Ttotal Status Flags
r-devel-linux-x86_64-debian-clang 0.1.12 55.19 67.85 123.04 OK
r-devel-linux-x86_64-debian-gcc 0.1.12 35.89 54.05 89.94 OK
r-devel-linux-x86_64-fedora-clang 0.1.19 167.58 NOTE
r-devel-linux-x86_64-fedora-gcc 0.1.19 160.78 NOTE
r-devel-windows-ix86+x86_64 0.1.12 150.00 108.00 258.00 OK
r-devel-windows-ix86+x86_64-gcc8 0.1.12 108.00 100.00 208.00 OK
r-patched-linux-x86_64 0.1.12 41.73 65.23 106.96 OK
r-patched-solaris-x86 0.1.19 171.50 NOTE
r-release-linux-x86_64 0.1.12 41.25 67.26 108.51 OK
r-release-windows-ix86+x86_64 0.1.19 94.00 98.00 192.00 OK
r-release-osx-x86_64 0.1.12 NOTE
r-oldrel-windows-ix86+x86_64 0.1.12 74.00 92.00 166.00 OK
r-oldrel-osx-x86_64 0.1.12 NOTE

Check Details

Version: 0.1.19
Check: dependencies in R code
Result: NOTE
    Namespaces in Imports field not imported from:
     ‘MASS’ ‘MatrixModels’
     All declared Imports should be used.
Flavors: r-devel-linux-x86_64-fedora-clang, r-devel-linux-x86_64-fedora-gcc, r-patched-solaris-x86

Version: 0.1.12
Check: dependencies in R code
Result: NOTE
    Namespaces in Imports field not imported from:
     ‘MASS’ ‘MatrixModels’
     All declared Imports should be used.
Flavors: r-release-osx-x86_64, r-oldrel-osx-x86_64