Last updated on 2019-11-26 00:51:45 CET.
Flavor | Version | Tinstall | Tcheck | Ttotal | Status | Flags |
---|---|---|---|---|---|---|
r-devel-linux-x86_64-debian-clang | 2.2 | 15.30 | 198.66 | 213.96 | OK | |
r-devel-linux-x86_64-debian-gcc | 2.2 | 12.38 | 151.51 | 163.89 | OK | |
r-devel-linux-x86_64-fedora-clang | 2.2 | 251.43 | OK | |||
r-devel-linux-x86_64-fedora-gcc | 2.2 | 238.18 | OK | |||
r-devel-windows-ix86+x86_64 | 2.2 | 38.00 | 195.00 | 233.00 | OK | |
r-devel-windows-ix86+x86_64-gcc8 | 2.2 | 33.00 | 191.00 | 224.00 | OK | |
r-patched-linux-x86_64 | 2.2 | 14.15 | 182.21 | 196.36 | OK | |
r-patched-solaris-x86 | 2.2 | 437.90 | OK | |||
r-release-linux-x86_64 | 2.2 | 12.45 | 188.83 | 201.28 | OK | |
r-release-windows-ix86+x86_64 | 2.2 | 33.00 | 188.00 | 221.00 | OK | |
r-release-osx-x86_64 | 2.2 | ERROR | ||||
r-oldrel-windows-ix86+x86_64 | 2.2 | 15.00 | 253.00 | 268.00 | OK | |
r-oldrel-osx-x86_64 | 2.2 | OK |
Version: 2.2
Check: package dependencies
Result: NOTE
Packages suggested but not available for checking: 'GO.db', 'org.Hs.eg.db'
Flavor: r-release-osx-x86_64
Version: 2.2
Check: whether package can be installed
Result: ERROR
Installation failed.
Flavor: r-release-osx-x86_64