CRAN Package Check Results for Package BuyseTest

Last updated on 2019-11-26 00:51:46 CET.

Flavor Version Tinstall Tcheck Ttotal Status Flags
r-devel-linux-x86_64-debian-clang 1.8 57.07 187.41 244.48 OK
r-devel-linux-x86_64-debian-gcc 1.8 46.95 167.04 213.99 OK
r-devel-linux-x86_64-fedora-clang 1.8 269.90 NOTE
r-devel-linux-x86_64-fedora-gcc 1.8 246.97 OK
r-devel-windows-ix86+x86_64 1.8 136.00 126.00 262.00 OK --no-examples --no-tests --no-vignettes
r-devel-windows-ix86+x86_64-gcc8 1.8 97.00 128.00 225.00 OK --no-examples --no-tests --no-vignettes
r-patched-linux-x86_64 1.8 50.98 166.31 217.29 OK
r-patched-solaris-x86 1.8 277.00 OK
r-release-linux-x86_64 1.8 46.10 175.22 221.32 OK
r-release-windows-ix86+x86_64 1.8 132.00 123.00 255.00 OK --no-examples --no-tests --no-vignettes
r-release-osx-x86_64 1.8 NOTE
r-oldrel-windows-ix86+x86_64 1.8 88.00 164.00 252.00 WARN --no-examples --no-tests --no-vignettes
r-oldrel-osx-x86_64 1.8 NOTE

Additional issues

clang-UBSAN

Check Details

Version: 1.8
Check: installed package size
Result: NOTE
     installed size is 5.8Mb
     sub-directories of 1Mb or more:
     libs 3.9Mb
Flavors: r-devel-linux-x86_64-fedora-clang, r-release-osx-x86_64, r-oldrel-osx-x86_64

Version: 1.8
Flags: --no-examples --no-tests --no-vignettes
Check: for unstated dependencies in examples
Result: WARN
    Warning in close.connection(con) :
     Problem closing connection: No space left on device
    Warning in close.connection(con) :
     Problem closing connection: No space left on device
    Warning in file(out, "wt") :
     cannot open file 'D:\temp\Rtmp08I3I6\file8d6c18ae64ca/BuyseTest.R': No space left on device
    Error in file(out, "wt") : cannot open the connection
    Execution halted
Flavor: r-oldrel-windows-ix86+x86_64

Version: 1.8
Flags: --no-examples --no-tests --no-vignettes
Check: PDF version of manual
Result: WARN
    LaTeX errors when creating PDF version.
    This typically indicates Rd problems.
    LaTeX errors found:
    !pdfTeX error: pdflatex.EXE: fwrite() failed
     ==> Fatal error occurred, no output PDF file produced!
Flavor: r-oldrel-windows-ix86+x86_64