Last updated on 2019-11-26 00:51:46 CET.
Flavor | Version | Tinstall | Tcheck | Ttotal | Status | Flags |
---|---|---|---|---|---|---|
r-devel-linux-x86_64-debian-clang | 1.2.1 | 37.62 | 52.21 | 89.83 | OK | |
r-devel-linux-x86_64-debian-gcc | 1.2.1 | 27.50 | 40.21 | 67.71 | OK | |
r-devel-linux-x86_64-fedora-clang | 1.2.1 | 118.68 | NOTE | |||
r-devel-linux-x86_64-fedora-gcc | 1.2.1 | 107.51 | OK | |||
r-devel-windows-ix86+x86_64 | 1.2.1 | 111.00 | 120.00 | 231.00 | OK | |
r-devel-windows-ix86+x86_64-gcc8 | 1.2.1 | 77.00 | 90.00 | 167.00 | OK | |
r-patched-linux-x86_64 | 1.2.1 | 28.53 | 49.25 | 77.78 | OK | |
r-patched-solaris-x86 | 1.2.1 | 130.90 | OK | |||
r-release-linux-x86_64 | 1.2.1 | 28.52 | 50.27 | 78.79 | OK | |
r-release-windows-ix86+x86_64 | 1.2.1 | 90.00 | 132.00 | 222.00 | OK | |
r-release-osx-x86_64 | 1.2.1 | NOTE | ||||
r-oldrel-windows-ix86+x86_64 | 1.2.1 | 67.00 | 85.00 | 152.00 | OK | |
r-oldrel-osx-x86_64 | 1.2.1 | NOTE |
Version: 1.2.1
Check: installed package size
Result: NOTE
installed size is 5.2Mb
sub-directories of 1Mb or more:
data 1.2Mb
extdata 1.1Mb
libs 2.6Mb
Flavors: r-devel-linux-x86_64-fedora-clang, r-release-osx-x86_64, r-oldrel-osx-x86_64