Last updated on 2019-11-26 00:51:46 CET.
Flavor | Version | Tinstall | Tcheck | Ttotal | Status | Flags |
---|---|---|---|---|---|---|
r-devel-linux-x86_64-debian-clang | 7.4-19 | 159.30 | 146.49 | 305.79 | OK | |
r-devel-linux-x86_64-debian-gcc | 7.4-19 | 103.75 | 109.30 | 213.05 | OK | |
r-devel-linux-x86_64-fedora-clang | 7.4-19 | 406.40 | NOTE | |||
r-devel-linux-x86_64-fedora-gcc | 7.4-19 | 358.99 | OK | |||
r-devel-windows-ix86+x86_64 | 7.4-19 | 380.00 | 189.00 | 569.00 | OK | |
r-devel-windows-ix86+x86_64-gcc8 | 7.4-19 | 349.00 | 194.00 | 543.00 | NOTE | |
r-patched-linux-x86_64 | 7.4-19 | 117.30 | 141.39 | 258.69 | OK | |
r-patched-solaris-x86 | 7.4-19 | 356.60 | OK | |||
r-release-linux-x86_64 | 7.4-19 | 118.54 | 142.41 | 260.95 | OK | |
r-release-windows-ix86+x86_64 | 7.4-19 | 302.00 | 238.00 | 540.00 | OK | |
r-release-osx-x86_64 | 7.4-19 | NOTE | ||||
r-oldrel-windows-ix86+x86_64 | 7.4-19 | 218.00 | 160.00 | 378.00 | OK | |
r-oldrel-osx-x86_64 | 7.4-19 | NOTE |
Version: 7.4-19
Check: installed package size
Result: NOTE
installed size is 6.3Mb
sub-directories of 1Mb or more:
data 1.3Mb
libs 3.6Mb
Flavors: r-devel-linux-x86_64-fedora-clang, r-devel-windows-ix86+x86_64-gcc8, r-release-osx-x86_64, r-oldrel-osx-x86_64