Last updated on 2019-11-26 00:51:46 CET.
Flavor | Version | Tinstall | Tcheck | Ttotal | Status | Flags |
---|---|---|---|---|---|---|
r-devel-linux-x86_64-debian-clang | 1.1.2 | 41.75 | 73.03 | 114.78 | OK | |
r-devel-linux-x86_64-debian-gcc | 1.1.2 | 28.84 | 57.16 | 86.00 | OK | |
r-devel-linux-x86_64-fedora-clang | 1.1.2 | 148.89 | OK | |||
r-devel-linux-x86_64-fedora-gcc | 1.1.2 | 134.47 | OK | |||
r-devel-windows-ix86+x86_64 | 1.1.2 | 92.00 | 143.00 | 235.00 | OK | --no-vignettes |
r-devel-windows-ix86+x86_64-gcc8 | 1.1.2 | 91.00 | 123.00 | 214.00 | OK | --no-vignettes |
r-patched-linux-x86_64 | 1.1.2 | 29.70 | 70.93 | 100.63 | OK | |
r-patched-solaris-x86 | 1.1.2 | 159.40 | OK | |||
r-release-linux-x86_64 | 1.1.2 | 31.23 | 72.05 | 103.28 | OK | |
r-release-windows-ix86+x86_64 | 1.1.2 | 83.00 | 112.00 | 195.00 | OK | --no-vignettes |
r-release-osx-x86_64 | 1.1.2 | OK | ||||
r-oldrel-windows-ix86+x86_64 | 1.1.2 | 56.00 | 146.00 | 202.00 | ERROR | --no-vignettes |
r-oldrel-osx-x86_64 | 1.1.2 | OK |
Version: 1.1.2
Flags: --no-vignettes
Check: whether package can be installed
Result: ERROR
Installation failed.
Flavor: r-oldrel-windows-ix86+x86_64