CRAN Package Check Results for Package CoImp

Last updated on 2019-11-26 00:51:47 CET.

Flavor Version Tinstall Tcheck Ttotal Status Flags
r-devel-linux-x86_64-debian-clang 1.0 11.68 72.44 84.12 OK
r-devel-linux-x86_64-debian-gcc 1.0 9.44 56.81 66.25 OK
r-devel-linux-x86_64-fedora-clang 1.0 107.45 OK
r-devel-linux-x86_64-fedora-gcc 1.0 93.89 OK
r-devel-windows-ix86+x86_64 1.0 25.00 103.00 128.00 OK
r-devel-windows-ix86+x86_64-gcc8 1.0 20.00 75.00 95.00 OK
r-patched-linux-x86_64 1.0 9.04 69.46 78.50 OK
r-patched-solaris-x86 1.0 135.40 OK
r-release-linux-x86_64 1.0 9.43 69.87 79.30 OK
r-release-windows-ix86+x86_64 1.0 21.00 104.00 125.00 OK
r-release-osx-x86_64 1.0 OK
r-oldrel-windows-ix86+x86_64 0.3-1 11.00 86.00 97.00 OK
r-oldrel-osx-x86_64 1.0 ERROR

Check Details

Version: 1.0
Check: whether package can be installed
Result: ERROR
    Installation failed.
Flavor: r-oldrel-osx-x86_64