Last updated on 2019-11-26 00:51:48 CET.
Flavor | Version | Tinstall | Tcheck | Ttotal | Status | Flags |
---|---|---|---|---|---|---|
r-devel-linux-x86_64-debian-clang | 1.0.1 | 6.23 | 96.70 | 102.93 | OK | |
r-devel-linux-x86_64-debian-gcc | 1.0.1 | 4.60 | 80.38 | 84.98 | OK | |
r-devel-linux-x86_64-fedora-clang | 1.0.1 | 116.65 | OK | |||
r-devel-linux-x86_64-fedora-gcc | 1.0.1 | 103.62 | OK | |||
r-devel-windows-ix86+x86_64 | 1.0.1 | 22.00 | 125.00 | 147.00 | OK | |
r-devel-windows-ix86+x86_64-gcc8 | 1.0.1 | 12.00 | 94.00 | 106.00 | OK | |
r-patched-linux-x86_64 | 1.0.1 | 4.42 | 85.26 | 89.68 | OK | |
r-patched-solaris-x86 | 1.0.1 | 133.70 | OK | |||
r-release-linux-x86_64 | 1.0.1 | 4.33 | 92.91 | 97.24 | OK | |
r-release-windows-ix86+x86_64 | 1.0.1 | 14.00 | 133.00 | 147.00 | OK | |
r-release-osx-x86_64 | 1.0.1 | OK | ||||
r-oldrel-windows-ix86+x86_64 | 0.4.1 | 12.00 | 113.00 | 125.00 | WARN | |
r-oldrel-osx-x86_64 | 1.0.1 | ERROR |
Version: 0.4.1
Check: whether package can be installed
Result: WARN
Found the following significant warnings:
Warning: S3 methods '[.fun_list', '[.grouped_df', 'all.equal.tbl_df', 'anti_join.data.frame', 'anti_join.tbl_df', 'arrange.data.frame', 'arrange.default', 'arrange.grouped_df', 'arrange.tbl_df', 'arrange_.data.frame', 'arrange_.tbl_df', 'as.data.frame.grouped_df', 'as.data.frame.rowwise_df', 'as.data.frame.tbl_cube', 'as.table.tbl_cube', 'as.tbl.data.frame', 'as.tbl.tbl', 'as.tbl_cube.array', 'as.tbl_cube.data.frame', 'as.tbl_cube.matrix', 'as.tbl_cube.table', 'as_tibble.grouped_df', 'as_tibble.tbl_cube', 'auto_copy.tbl_cube', 'auto_copy.tbl_df', 'cbind.grouped_df', 'collapse.data.frame', 'collect.data.frame', 'common_by.NULL', 'common_by.character', 'common_by.default', 'common_by.list', 'compute.data.frame', 'copy_to.DBIConnection', 'copy_to.src_local', 'default_missing.data.frame', 'default_missing.default', 'dim.tbl_cube', 'distinct.data.frame', 'distinct.default', 'distinct.grouped_df', 'distinct.tbl_df', 'distinct_.data.frame', 'distinct_.grouped_df', 'distinct_.tbl_df', 'do.NULL', 'do.da [... truncated]
Flavor: r-oldrel-windows-ix86+x86_64
Version: 1.0.1
Check: whether package can be installed
Result: ERROR
Installation failed.
Flavor: r-oldrel-osx-x86_64