CRAN Package Check Results for Package CovTools

Last updated on 2019-11-26 00:51:48 CET.

Flavor Version Tinstall Tcheck Ttotal Status Flags
r-devel-linux-x86_64-debian-clang 0.5.2 73.63 89.15 162.78 OK
r-devel-linux-x86_64-debian-gcc 0.5.2 51.95 69.71 121.66 OK
r-devel-linux-x86_64-fedora-clang 0.5.2 213.15 OK
r-devel-linux-x86_64-fedora-gcc 0.5.2 192.26 OK
r-devel-windows-ix86+x86_64 0.5.2 203.00 170.00 373.00 OK
r-devel-windows-ix86+x86_64-gcc8 0.5.2 150.00 166.00 316.00 OK
r-patched-linux-x86_64 0.5.2 59.74 86.47 146.21 OK
r-patched-solaris-x86 0.5.2 246.80 OK
r-release-linux-x86_64 0.5.2 59.36 86.93 146.29 OK
r-release-windows-ix86+x86_64 0.5.2 199.00 215.00 414.00 OK
r-release-osx-x86_64 0.5.2 WARN
r-oldrel-windows-ix86+x86_64 0.5.2 133.00 189.00 322.00 OK
r-oldrel-osx-x86_64 0.5.2 WARN

Check Details

Version: 0.5.2
Check: whether package can be installed
Result: WARN
    Found the following significant warnings:
     Warning: 'rgl_init' failed, running with rgl.useNULL = TRUE
Flavors: r-release-osx-x86_64, r-oldrel-osx-x86_64

Version: 0.5.2
Check: dependencies in R code
Result: NOTE
    No protocol specified
Flavors: r-release-osx-x86_64, r-oldrel-osx-x86_64

Version: 0.5.2
Check: S3 generic/method consistency
Result: WARN
    No protocol specified
    See section ‘Generic functions and methods’ in the ‘Writing R
    Extensions’ manual.
Flavors: r-release-osx-x86_64, r-oldrel-osx-x86_64

Version: 0.5.2
Check: replacement functions
Result: WARN
    No protocol specified
    The argument of a replacement function which corresponds to the right
    hand side must be named ‘value’.
Flavors: r-release-osx-x86_64, r-oldrel-osx-x86_64

Version: 0.5.2
Check: foreign function calls
Result: NOTE
    No protocol specified
    See chapter ‘System and foreign language interfaces’ in the ‘Writing R
    Extensions’ manual.
Flavors: r-release-osx-x86_64, r-oldrel-osx-x86_64

Version: 0.5.2
Check: R code for possible problems
Result: NOTE
    No protocol specified
Flavors: r-release-osx-x86_64, r-oldrel-osx-x86_64

Version: 0.5.2
Check: Rd files
Result: WARN
    No protocol specified
    prepare_Rd: RGL: unable to open X11 display
    prepare_Rd: 'rgl_init' failed, running with rgl.useNULL = TRUE
Flavor: r-release-osx-x86_64

Version: 0.5.2
Check: for missing documentation entries
Result: WARN
    No protocol specified
    All user-level objects in a package should have documentation entries.
    See chapter ‘Writing R documentation files’ in the ‘Writing R
    Extensions’ manual.
Flavors: r-release-osx-x86_64, r-oldrel-osx-x86_64

Version: 0.5.2
Check: for code/documentation mismatches
Result: WARN
    No protocol specified
    No protocol specified
    No protocol specified
Flavors: r-release-osx-x86_64, r-oldrel-osx-x86_64

Version: 0.5.2
Check: Rd \usage sections
Result: NOTE
    No protocol specified
    The \usage entries for S3 methods should use the \method markup and not
    their full name.
    See chapter ‘Writing R documentation files’ in the ‘Writing R
    Extensions’ manual.
Flavors: r-release-osx-x86_64, r-oldrel-osx-x86_64