Last updated on 2019-11-26 00:51:49 CET.
Flavor | Version | Tinstall | Tcheck | Ttotal | Status | Flags |
---|---|---|---|---|---|---|
r-devel-linux-x86_64-debian-clang | 2.2-4 | 4.10 | 42.78 | 46.88 | OK | |
r-devel-linux-x86_64-debian-gcc | 2.2-4 | 2.80 | 33.01 | 35.81 | OK | |
r-devel-linux-x86_64-fedora-clang | 2.2-4 | 58.09 | NOTE | |||
r-devel-linux-x86_64-fedora-gcc | 2.2-4 | 56.19 | NOTE | |||
r-devel-windows-ix86+x86_64 | 2.2-4 | 15.00 | 78.00 | 93.00 | OK | |
r-devel-windows-ix86+x86_64-gcc8 | 2.2-4 | 14.00 | 80.00 | 94.00 | OK | |
r-patched-linux-x86_64 | 2.2-4 | 2.84 | 41.83 | 44.67 | OK | |
r-patched-solaris-x86 | 2.2-4 | 80.00 | OK | |||
r-release-linux-x86_64 | 2.2-4 | 2.93 | 41.71 | 44.64 | OK | |
r-release-windows-ix86+x86_64 | 2.2-4 | 16.00 | 77.00 | 93.00 | OK | |
r-release-osx-x86_64 | 2.2-4 | OK | ||||
r-oldrel-windows-ix86+x86_64 | 2.2-4 | 7.00 | 71.00 | 78.00 | OK | |
r-oldrel-osx-x86_64 | 2.2-4 | OK |
Version: 2.2-4
Check: compiled code
Result: NOTE
File ‘DEoptim/libs/DEoptim.so’:
Found no calls to: ‘R_registerRoutines’, ‘R_useDynamicSymbols’
It is good practice to register native routines and to disable symbol
search.
See ‘Writing portable packages’ in the ‘Writing R Extensions’ manual.
Flavors: r-devel-linux-x86_64-fedora-clang, r-devel-linux-x86_64-fedora-gcc