CRAN Package Check Results for Package DataVisualizations

Last updated on 2019-11-26 00:51:49 CET.

Flavor Version Tinstall Tcheck Ttotal Status Flags
r-devel-linux-x86_64-debian-clang 1.1.9 44.88 408.34 453.22 OK
r-devel-linux-x86_64-debian-gcc 1.1.9 31.65 324.73 356.38 OK
r-devel-linux-x86_64-fedora-clang 1.1.9 353.88 OK
r-devel-linux-x86_64-fedora-gcc 1.1.9 329.44 OK
r-devel-windows-ix86+x86_64 1.1.9 128.00 449.00 577.00 OK
r-devel-windows-ix86+x86_64-gcc8 1.1.9 80.00 360.00 440.00 NOTE
r-patched-linux-x86_64 1.1.9 38.37 375.10 413.47 OK
r-patched-solaris-x86 1.1.9 803.70 OK
r-release-linux-x86_64 1.1.9 34.09 377.88 411.97 OK
r-release-windows-ix86+x86_64 1.1.9 106.00 449.00 555.00 OK
r-release-osx-x86_64 1.1.9 NOTE
r-oldrel-windows-ix86+x86_64 1.1.9 70.00 321.00 391.00 OK
r-oldrel-osx-x86_64 1.1.9 NOTE

Check Details

Version: 1.1.9
Check: installed package size
Result: NOTE
     installed size is 5.2Mb
     sub-directories of 1Mb or more:
     doc 1.8Mb
     libs 2.1Mb
Flavor: r-devel-windows-ix86+x86_64-gcc8

Version: 1.1.9
Check: dependencies in R code
Result: NOTE
    No protocol specified
Flavors: r-release-osx-x86_64, r-oldrel-osx-x86_64