Last updated on 2019-11-26 00:51:50 CET.
Flavor | Version | Tinstall | Tcheck | Ttotal | Status | Flags |
---|---|---|---|---|---|---|
r-devel-linux-x86_64-debian-clang | 2.1.1 | 263.29 | 59.61 | 322.90 | OK | |
r-devel-linux-x86_64-debian-gcc | 2.1.1 | 175.22 | 47.62 | 222.84 | OK | |
r-devel-linux-x86_64-fedora-clang | 2.1.1 | 456.14 | NOTE | |||
r-devel-linux-x86_64-fedora-gcc | 2.1.1 | 420.75 | OK | |||
r-devel-windows-ix86+x86_64 | 2.1.1 | 535.00 | 147.00 | 682.00 | OK | |
r-devel-windows-ix86+x86_64-gcc8 | 2.1.1 | 411.00 | 110.00 | 521.00 | OK | |
r-patched-linux-x86_64 | 2.1.1 | 205.83 | 59.38 | 265.21 | OK | |
r-patched-solaris-x86 | 2.1.1 | 359.10 | OK | |||
r-release-linux-x86_64 | 2.1.1 | 203.82 | 59.86 | 263.68 | OK | |
r-release-windows-ix86+x86_64 | 2.1.1 | 684.00 | 139.00 | 823.00 | OK | |
r-release-osx-x86_64 | 2.1.1 | NOTE | ||||
r-oldrel-windows-ix86+x86_64 | 2.1.1 | 530.00 | 101.00 | 631.00 | OK | |
r-oldrel-osx-x86_64 | 2.1.1 | NOTE |
Version: 2.1.1
Check: installed package size
Result: NOTE
installed size is 10.7Mb
sub-directories of 1Mb or more:
libs 9.4Mb
Flavors: r-devel-linux-x86_64-fedora-clang, r-release-osx-x86_64, r-oldrel-osx-x86_64