CRAN Package Check Results for Package ElemStatLearn

Last updated on 2019-11-26 00:51:50 CET.

Flavor Version Tinstall Tcheck Ttotal Status Flags
r-devel-linux-x86_64-debian-clang 2015.6.26.2 31.77 38.54 70.31 OK
r-devel-linux-x86_64-debian-gcc 2015.6.26.2 28.89 31.26 60.15 OK
r-devel-linux-x86_64-fedora-clang 2015.6.26.2 90.56 NOTE
r-devel-linux-x86_64-fedora-gcc 2015.6.26.2 91.09 OK
r-devel-windows-ix86+x86_64 2015.6.26.2 52.00 67.00 119.00 NOTE
r-devel-windows-ix86+x86_64-gcc8 2015.6.26.2 49.00 53.00 102.00 NOTE
r-patched-linux-x86_64 2015.6.26.2 31.25 37.40 68.65 OK
r-patched-solaris-x86 2015.6.26.2 164.60 NOTE
r-release-linux-x86_64 2015.6.26.2 31.18 38.15 69.33 OK
r-release-windows-ix86+x86_64 2015.6.26.2 55.00 66.00 121.00 NOTE
r-release-osx-x86_64 2015.6.26.2 NOTE
r-oldrel-windows-ix86+x86_64 2015.6.26.2 42.00 68.00 110.00 NOTE
r-oldrel-osx-x86_64 2015.6.26.2 NOTE

Check Details

Version: 2015.6.26.2
Check: installed package size
Result: NOTE
     installed size is 11.7Mb
     sub-directories of 1Mb or more:
     data 11.5Mb
Flavors: r-devel-linux-x86_64-fedora-clang, r-devel-windows-ix86+x86_64, r-devel-windows-ix86+x86_64-gcc8, r-patched-solaris-x86, r-release-windows-ix86+x86_64, r-release-osx-x86_64, r-oldrel-windows-ix86+x86_64, r-oldrel-osx-x86_64