Last updated on 2019-11-26 00:51:50 CET.
Flavor | Version | Tinstall | Tcheck | Ttotal | Status | Flags |
---|---|---|---|---|---|---|
r-devel-linux-x86_64-debian-clang | 2.3.1 | 67.76 | 503.97 | 571.73 | OK | |
r-devel-linux-x86_64-debian-gcc | 2.3.1 | 53.22 | 368.85 | 422.07 | OK | |
r-devel-linux-x86_64-fedora-clang | 2.3.1 | 637.59 | NOTE | |||
r-devel-linux-x86_64-fedora-gcc | 2.3.1 | 632.21 | OK | |||
r-devel-windows-ix86+x86_64 | 2.3.1 | 117.00 | 434.00 | 551.00 | NOTE | |
r-devel-windows-ix86+x86_64-gcc8 | 2.3.1 | 76.00 | 405.00 | 481.00 | NOTE | |
r-patched-linux-x86_64 | 2.3.1 | 59.70 | 482.37 | 542.07 | OK | |
r-patched-solaris-x86 | 2.3.1 | 604.80 | NOTE | |||
r-release-linux-x86_64 | 2.3.1 | 68.38 | 475.52 | 543.90 | OK | |
r-release-windows-ix86+x86_64 | 2.3.1 | 108.00 | 432.00 | 540.00 | NOTE | |
r-release-osx-x86_64 | 2.3.1 | NOTE | ||||
r-oldrel-windows-ix86+x86_64 | 2.3.1 | 67.00 | 352.00 | 419.00 | WARN | |
r-oldrel-osx-x86_64 | 2.3.1 | NOTE |
Version: 2.3.1
Check: installed package size
Result: NOTE
installed size is 9.7Mb
sub-directories of 1Mb or more:
R 2.3Mb
doc 3.3Mb
help 3.4Mb
Flavors: r-devel-linux-x86_64-fedora-clang, r-devel-windows-ix86+x86_64, r-devel-windows-ix86+x86_64-gcc8, r-patched-solaris-x86, r-release-windows-ix86+x86_64, r-release-osx-x86_64, r-oldrel-windows-ix86+x86_64, r-oldrel-osx-x86_64
Version: 2.3.1
Check: whether package can be installed
Result: WARN
Found the following significant warnings:
Warning: S3 methods '[.fun_list', '[.grouped_df', 'all.equal.tbl_df', 'anti_join.data.frame', 'anti_join.tbl_df', 'arrange.data.frame', 'arrange.default', 'arrange.grouped_df', 'arrange.tbl_df', 'arrange_.data.frame', 'arrange_.tbl_df', 'as.data.frame.grouped_df', 'as.data.frame.rowwise_df', 'as.data.frame.tbl_cube', 'as.table.tbl_cube', 'as.tbl.data.frame', 'as.tbl.tbl', 'as.tbl_cube.array', 'as.tbl_cube.data.frame', 'as.tbl_cube.matrix', 'as.tbl_cube.table', 'as_tibble.grouped_df', 'as_tibble.tbl_cube', 'auto_copy.tbl_cube', 'auto_copy.tbl_df', 'cbind.grouped_df', 'collapse.data.frame', 'collect.data.frame', 'common_by.NULL', 'common_by.character', 'common_by.default', 'common_by.list', 'compute.data.frame', 'copy_to.DBIConnection', 'copy_to.src_local', 'default_missing.data.frame', 'default_missing.default', 'dim.tbl_cube', 'distinct.data.frame', 'distinct.default', 'distinct.grouped_df', 'distinct.tbl_df', 'distinct_.data.frame', 'distinct_.grouped_df', 'distinct_.tbl_df', 'do.NULL', 'do.da [... truncated]
Flavor: r-oldrel-windows-ix86+x86_64