CRAN Package Check Results for Package EpiCurve

Last updated on 2019-11-26 00:51:50 CET.

Flavor Version Tinstall Tcheck Ttotal Status Flags
r-devel-linux-x86_64-debian-clang 2.2-1 6.09 67.62 73.71 WARN
r-devel-linux-x86_64-debian-gcc 2.2-1 4.85 50.98 55.83 WARN
r-devel-linux-x86_64-fedora-clang 2.2-1 84.29 OK
r-devel-linux-x86_64-fedora-gcc 2.2-1 81.91 OK
r-devel-windows-ix86+x86_64 2.2-1 23.00 102.00 125.00 OK
r-devel-windows-ix86+x86_64-gcc8 2.2-1 14.00 77.00 91.00 OK
r-patched-linux-x86_64 2.2-1 5.76 62.55 68.31 WARN
r-patched-solaris-x86 2.2-1 106.40 OK
r-release-linux-x86_64 2.2-1 5.09 62.64 67.73 WARN
r-release-windows-ix86+x86_64 2.2-1 21.00 108.00 129.00 OK
r-release-osx-x86_64 2.2-1 OK
r-oldrel-windows-ix86+x86_64 2.2-1 6.00 71.00 77.00 OK
r-oldrel-osx-x86_64 2.2-1 OK

Check Details

Version: 2.2-1
Check: re-building of vignette outputs
Result: WARN
    Error(s) in re-building vignettes:
     ...
    --- re-building 'EpiCurve.Rmd' using rmarkdown
    Loading required package: ggplot2
    Loading required package: dplyr
    
    Attaching package: 'dplyr'
    
    The following objects are masked from 'package:stats':
    
     filter, lag
    
    The following objects are masked from 'package:base':
    
     intersect, setdiff, setequal, union
    
    Loading required package: ISOweek
    Loading required package: scales
    ! Missing number, treated as zero.
    <to be read again>
     \protect
    l.136 ...nter}\rule{0.5\linewidth}{\linethickness}
     \end{center}
    
    Error: processing vignette 'EpiCurve.Rmd' failed with diagnostics:
    Failed to compile EpiCurve.tex. See https://yihui.name/tinytex/r/#debugging for debugging tips. See EpiCurve.log for more info.
    --- failed re-building 'EpiCurve.Rmd'
    
    SUMMARY: processing the following file failed:
     'EpiCurve.Rmd'
    
    Error: Vignette re-building failed.
    Execution halted
Flavors: r-devel-linux-x86_64-debian-clang, r-devel-linux-x86_64-debian-gcc, r-patched-linux-x86_64, r-release-linux-x86_64