Last updated on 2019-11-26 00:51:51 CET.
Flavor | Version | Tinstall | Tcheck | Ttotal | Status | Flags |
---|---|---|---|---|---|---|
r-devel-linux-x86_64-debian-clang | 0.4.9 | 10.47 | 180.90 | 191.37 | OK | |
r-devel-linux-x86_64-debian-gcc | 0.4.9 | 9.52 | 129.71 | 139.23 | OK | |
r-devel-linux-x86_64-fedora-clang | 0.4.9 | 200.79 | NOTE | |||
r-devel-linux-x86_64-fedora-gcc | 0.4.9 | 199.39 | NOTE | |||
r-devel-windows-ix86+x86_64 | 0.4.9 | 30.00 | 251.00 | 281.00 | OK | |
r-devel-windows-ix86+x86_64-gcc8 | 0.4.9 | 16.00 | 199.00 | 215.00 | OK | |
r-patched-linux-x86_64 | 0.4.9 | 8.96 | 165.85 | 174.81 | OK | |
r-patched-solaris-x86 | 0.4.9 | 313.20 | NOTE | |||
r-release-linux-x86_64 | 0.4.9 | 8.60 | 168.88 | 177.48 | OK | |
r-release-windows-ix86+x86_64 | 0.4.9 | 21.00 | 260.00 | 281.00 | OK | |
r-release-osx-x86_64 | 0.4.9 | NOTE | ||||
r-oldrel-windows-ix86+x86_64 | 0.4.9 | 10.00 | 181.00 | 191.00 | OK | |
r-oldrel-osx-x86_64 | 0.4.9 | NOTE |
Version: 0.4.9
Check: dependencies in R code
Result: NOTE
Namespace in Imports field not imported from: ‘rgdal’
All declared Imports should be used.
Flavors: r-devel-linux-x86_64-fedora-clang, r-devel-linux-x86_64-fedora-gcc, r-patched-solaris-x86, r-release-osx-x86_64, r-oldrel-osx-x86_64