Last updated on 2019-11-26 00:51:52 CET.
Flavor | Version | Tinstall | Tcheck | Ttotal | Status | Flags |
---|---|---|---|---|---|---|
r-devel-linux-x86_64-debian-clang | 0.31 | 8.77 | 76.23 | 85.00 | OK | |
r-devel-linux-x86_64-debian-gcc | 0.31 | 7.54 | 56.60 | 64.14 | OK | |
r-devel-linux-x86_64-fedora-clang | 0.31 | 99.11 | OK | |||
r-devel-linux-x86_64-fedora-gcc | 0.31 | 105.32 | OK | |||
r-devel-windows-ix86+x86_64 | 0.31 | 18.00 | 6.00 | 24.00 | ERROR | |
r-devel-windows-ix86+x86_64-gcc8 | 0.31 | 11.00 | 5.00 | 16.00 | ERROR | |
r-patched-linux-x86_64 | 0.31 | 8.94 | 73.15 | 82.09 | OK | |
r-release-linux-x86_64 | 0.31 | 8.37 | 74.16 | 82.53 | OK | |
r-release-windows-ix86+x86_64 | 0.31 | 19.00 | 100.00 | 119.00 | OK | |
r-release-osx-x86_64 | 0.31 | OK | ||||
r-oldrel-windows-ix86+x86_64 | 0.31 | 8.00 | 92.00 | 100.00 | OK | |
r-oldrel-osx-x86_64 | 0.31 | OK |
Version: 0.31
Check: whether package can be installed
Result: ERROR
Installation failed.
Flavors: r-devel-windows-ix86+x86_64, r-devel-windows-ix86+x86_64-gcc8