Last updated on 2019-11-26 00:51:52 CET.
Flavor | Version | Tinstall | Tcheck | Ttotal | Status | Flags |
---|---|---|---|---|---|---|
r-devel-linux-x86_64-debian-clang | 0.3.1 | 96.29 | 58.17 | 154.46 | OK | |
r-devel-linux-x86_64-debian-gcc | 0.3.1 | 73.61 | 44.87 | 118.48 | OK | |
r-devel-linux-x86_64-fedora-clang | 0.3.1 | 219.31 | NOTE | |||
r-devel-linux-x86_64-fedora-gcc | 0.3.1 | 206.90 | OK | |||
r-devel-windows-ix86+x86_64 | 0.3.1 | 254.00 | 128.00 | 382.00 | OK | |
r-devel-windows-ix86+x86_64-gcc8 | 0.3.1 | 202.00 | 113.00 | 315.00 | OK | |
r-patched-linux-x86_64 | 0.3.1 | 79.18 | 56.45 | 135.63 | OK | |
r-patched-solaris-x86 | 0.3.1 | 161.80 | NOTE | |||
r-release-linux-x86_64 | 0.3.1 | 77.45 | 59.46 | 136.91 | OK | |
r-release-windows-ix86+x86_64 | 0.3.1 | 245.00 | 145.00 | 390.00 | OK | |
r-release-osx-x86_64 | 0.3.1 | NOTE | ||||
r-oldrel-windows-ix86+x86_64 | 0.3.1 | 162.00 | 90.00 | 252.00 | OK | |
r-oldrel-osx-x86_64 | 0.3.1 | NOTE |
Version: 0.3.1
Check: installed package size
Result: NOTE
installed size is 10.1Mb
sub-directories of 1Mb or more:
libs 9.7Mb
Flavors: r-devel-linux-x86_64-fedora-clang, r-release-osx-x86_64, r-oldrel-osx-x86_64
Version: 0.3.1
Check: package dependencies
Result: NOTE
Packages suggested but not available for checking: 'RWeka', 'FSelector'
Flavor: r-patched-solaris-x86
Version: 0.3.1
Check: Rd cross-references
Result: NOTE
Package unavailable to check Rd xrefs: ‘FSelector’
Flavor: r-patched-solaris-x86
Version: 0.3.1
Check: package dependencies
Result: NOTE
Package suggested but not available for checking: ‘RTCGA.rnaseq’
Flavors: r-release-osx-x86_64, r-oldrel-osx-x86_64