Last updated on 2019-11-26 00:51:51 CET.
Flavor | Version | Tinstall | Tcheck | Ttotal | Status | Flags |
---|---|---|---|---|---|---|
r-devel-linux-x86_64-debian-clang | 0.0.8 | 29.09 | 23.37 | 52.46 | OK | |
r-devel-linux-x86_64-debian-gcc | 0.0.8 | 32.69 | 19.97 | 52.66 | OK | |
r-devel-linux-x86_64-fedora-clang | 0.0.8 | 76.30 | NOTE | |||
r-devel-linux-x86_64-fedora-gcc | 0.0.8 | 81.19 | OK | |||
r-devel-windows-ix86+x86_64 | 0.0.8 | 69.00 | 65.00 | 134.00 | OK | |
r-devel-windows-ix86+x86_64-gcc8 | 0.0.8 | 50.00 | 74.00 | 124.00 | OK | |
r-patched-linux-x86_64 | 0.0.8 | 37.97 | 24.10 | 62.07 | OK | |
r-patched-solaris-x86 | 0.0.8 | 80.90 | OK | |||
r-release-linux-x86_64 | 0.0.8 | 38.44 | 24.12 | 62.56 | OK | |
r-release-windows-ix86+x86_64 | 0.0.8 | 67.00 | 67.00 | 134.00 | OK | |
r-release-osx-x86_64 | 0.0.8 | NOTE | ||||
r-oldrel-windows-ix86+x86_64 | 0.0.8 | 50.00 | 62.00 | 112.00 | OK | |
r-oldrel-osx-x86_64 | 0.0.8 | NOTE |
Version: 0.0.8
Check: installed package size
Result: NOTE
installed size is 17.9Mb
sub-directories of 1Mb or more:
libs 17.8Mb
Flavors: r-devel-linux-x86_64-fedora-clang, r-release-osx-x86_64, r-oldrel-osx-x86_64