CRAN Package Check Results for Package FishResp

Last updated on 2019-11-26 00:51:51 CET.

Flavor Version Tinstall Tcheck Ttotal Status Flags
r-devel-linux-x86_64-debian-clang 1.0.3 16.04 103.65 119.69 NOTE
r-devel-linux-x86_64-debian-gcc 1.0.3 14.73 77.89 92.62 NOTE
r-devel-linux-x86_64-fedora-clang 1.0.3 133.72 NOTE
r-devel-linux-x86_64-fedora-gcc 1.0.3 132.40 NOTE
r-devel-windows-ix86+x86_64 1.0.3 36.00 111.00 147.00 OK
r-devel-windows-ix86+x86_64-gcc8 1.0.3 33.00 112.00 145.00 OK
r-patched-linux-x86_64 1.0.3 15.52 98.65 114.17 OK
r-patched-solaris-x86 1.0.3 166.80 OK
r-release-linux-x86_64 1.0.3 17.20 99.47 116.67 OK
r-release-windows-ix86+x86_64 1.0.3 37.00 109.00 146.00 OK
r-release-osx-x86_64 1.0.3 OK
r-oldrel-windows-ix86+x86_64 1.0.3 17.00 91.00 108.00 OK
r-oldrel-osx-x86_64 1.0.3 OK

Check Details

Version: 1.0.3
Check: for non-standard things in the check directory
Result: NOTE
    Found the following files/directories:
     'converted_AMR_raw.txt' 'converted_SMR_raw.txt' 'fishresp.txt'
     'results.txt'
Flavors: r-devel-linux-x86_64-debian-clang, r-devel-linux-x86_64-debian-gcc, r-devel-linux-x86_64-fedora-clang, r-devel-linux-x86_64-fedora-gcc