Last updated on 2019-11-26 00:51:52 CET.
Flavor | Version | Tinstall | Tcheck | Ttotal | Status | Flags |
---|---|---|---|---|---|---|
r-devel-linux-x86_64-debian-clang | 3.2 | 46.70 | 75.85 | 122.55 | OK | |
r-devel-linux-x86_64-debian-gcc | 3.2 | 36.31 | 56.80 | 93.11 | OK | |
r-devel-linux-x86_64-fedora-clang | 3.2 | 148.28 | NOTE | |||
r-devel-linux-x86_64-fedora-gcc | 3.2 | 151.54 | OK | |||
r-devel-windows-ix86+x86_64 | 3.2 | 107.00 | 109.00 | 216.00 | OK | |
r-devel-windows-ix86+x86_64-gcc8 | 3.2 | 122.00 | 117.00 | 239.00 | OK | |
r-patched-linux-x86_64 | 3.2 | 38.11 | 71.00 | 109.11 | OK | |
r-patched-solaris-x86 | 3.2 | 164.10 | OK | |||
r-release-linux-x86_64 | 3.2 | 37.57 | 72.37 | 109.94 | OK | |
r-release-windows-ix86+x86_64 | 3.2 | 98.00 | 110.00 | 208.00 | OK | |
r-release-osx-x86_64 | 3.2 | NOTE | ||||
r-oldrel-windows-ix86+x86_64 | 3.2 | 77.00 | 135.00 | 212.00 | OK | |
r-oldrel-osx-x86_64 | 3.2 | NOTE |
Version: 3.2
Check: installed package size
Result: NOTE
installed size is 6.0Mb
sub-directories of 1Mb or more:
doc 1.7Mb
libs 3.8Mb
Flavors: r-devel-linux-x86_64-fedora-clang, r-release-osx-x86_64, r-oldrel-osx-x86_64