CRAN Package Check Results for Package GPLTR

Last updated on 2019-11-26 00:51:53 CET.

Flavor Version Tinstall Tcheck Ttotal Status Flags
r-devel-linux-x86_64-debian-clang 1.2 3.81 264.30 268.11 NOTE
r-devel-linux-x86_64-debian-gcc 1.2 3.27 187.32 190.59 NOTE
r-devel-linux-x86_64-fedora-clang 1.2 290.46 NOTE
r-devel-linux-x86_64-fedora-gcc 1.2 288.88 NOTE
r-devel-windows-ix86+x86_64 1.2 12.00 310.00 322.00 NOTE
r-devel-windows-ix86+x86_64-gcc8 1.2 10.00 249.00 259.00 NOTE
r-patched-linux-x86_64 1.2 3.74 247.19 250.93 NOTE
r-patched-solaris-x86 1.2 355.00 NOTE
r-release-linux-x86_64 1.2 3.33 254.23 257.56 NOTE
r-release-windows-ix86+x86_64 1.2 12.00 244.00 256.00 NOTE
r-release-osx-x86_64 1.2 NOTE
r-oldrel-windows-ix86+x86_64 1.2 5.00 291.00 296.00 NOTE
r-oldrel-osx-x86_64 1.2 NOTE

Check Details

Version: 1.2
Check: R code for possible problems
Result: NOTE
    .VARIMPPERM: no visible global function definition for 'predict'
    .logistic.eval: no visible global function definition for 'glm'
    .logistic.eval: no visible binding for global variable 'binomial'
    .logistic.split: no visible global function definition for 'glm'
    .logistic.split: no visible binding for global variable 'binomial'
    .logistic.split: no visible global function definition for 'runif'
    bagging.pltr : <anonymous>: no visible global function definition for
     'predict.glm'
    best.tree.BIC.AIC : <anonymous>: no visible global function definition
     for 'as.formula'
    best.tree.BIC.AIC : <anonymous>: no visible global function definition
     for 'glm'
    best.tree.BIC.AIC : <anonymous>: no visible global function definition
     for 'deviance'
    best.tree.BIC.AIC: no visible global function definition for 'glm'
    best.tree.BIC.AIC: no visible global function definition for
     'as.formula'
    best.tree.BIC.AIC: no visible global function definition for 'deviance'
    best.tree.CV: no visible global function definition for 'glm'
    best.tree.CV: no visible global function definition for 'as.formula'
    best.tree.CV: no visible global function definition for 'predict.glm'
    best.tree.CV : <anonymous>: no visible global function definition for
     'predict.glm'
    best.tree.bootstrap: no visible global function definition for 'glm'
    best.tree.bootstrap: no visible global function definition for
     'as.formula'
    best.tree.bootstrap : <anonymous>: no visible global function
     definition for 'rnorm'
    best.tree.permute: no visible global function definition for 'glm'
    best.tree.permute: no visible global function definition for
     'as.formula'
    nested.trees: no visible global function definition for 'glm'
    nested.trees: no visible global function definition for 'as.formula'
    nested.trees: no visible global function definition for 'deviance'
    p.val.tree: no visible global function definition for 'glm'
    p.val.tree: no visible global function definition for 'as.formula'
    p.val.tree : <anonymous>: no visible global function definition for
     'rnorm'
    p.val.tree: no visible binding for global variable 'var'
    p.val.tree: no visible global function definition for 'pchisq'
    pltr.glm: no visible global function definition for 'glm'
    pltr.glm: no visible global function definition for 'as.formula'
    predict_bagg.pltr : <anonymous>: no visible global function definition
     for 'predict.glm'
    predict_pltr: no visible global function definition for 'predict.glm'
    tree2glm: no visible global function definition for 'as.formula'
    tree2glm: no visible global function definition for 'glm'
    Undefined global functions or variables:
     as.formula binomial deviance glm pchisq predict predict.glm rnorm
     runif var
    Consider adding
     importFrom("stats", "as.formula", "binomial", "deviance", "glm",
     "pchisq", "predict", "predict.glm", "rnorm", "runif", "var")
    to your NAMESPACE file.
Flavors: r-devel-linux-x86_64-debian-clang, r-devel-linux-x86_64-debian-gcc, r-devel-linux-x86_64-fedora-clang, r-devel-linux-x86_64-fedora-gcc, r-devel-windows-ix86+x86_64, r-devel-windows-ix86+x86_64-gcc8, r-patched-linux-x86_64, r-patched-solaris-x86, r-release-linux-x86_64, r-release-windows-ix86+x86_64, r-release-osx-x86_64, r-oldrel-windows-ix86+x86_64, r-oldrel-osx-x86_64