Last updated on 2019-11-26 00:51:53 CET.
Flavor | Version | Tinstall | Tcheck | Ttotal | Status | Flags |
---|---|---|---|---|---|---|
r-devel-linux-x86_64-debian-clang | 1.3 | 19.64 | 135.39 | 155.03 | NOTE | |
r-devel-linux-x86_64-debian-gcc | 1.3 | 11.76 | 95.74 | 107.50 | NOTE | |
r-devel-linux-x86_64-fedora-clang | 1.3 | 187.09 | NOTE | |||
r-devel-linux-x86_64-fedora-gcc | 1.3 | 174.78 | NOTE | |||
r-devel-windows-ix86+x86_64 | 1.3 | 49.00 | 209.00 | 258.00 | NOTE | |
r-devel-windows-ix86+x86_64-gcc8 | 1.3 | 55.00 | 177.00 | 232.00 | NOTE | |
r-patched-linux-x86_64 | 1.3 | 14.07 | 129.33 | 143.40 | OK | |
r-patched-solaris-x86 | 1.3 | 432.70 | OK | |||
r-release-linux-x86_64 | 1.3 | 13.50 | 129.83 | 143.33 | OK | |
r-release-windows-ix86+x86_64 | 1.3 | 43.00 | 221.00 | 264.00 | OK | |
r-release-osx-x86_64 | 1.3 | OK | ||||
r-oldrel-windows-ix86+x86_64 | 1.3 | 33.00 | 222.00 | 255.00 | OK | |
r-oldrel-osx-x86_64 | 1.3 | OK |
Version: 1.3
Check: package vignettes
Result: NOTE
Package vignette with placeholder title 'Vignette Title':
'GUILDS.Rmd'
Flavors: r-devel-linux-x86_64-debian-clang, r-devel-linux-x86_64-debian-gcc, r-devel-windows-ix86+x86_64, r-devel-windows-ix86+x86_64-gcc8
Version: 1.3
Check: compiled code
Result: NOTE
File ‘GUILDS/libs/GUILDS.so’:
Found no calls to: ‘R_registerRoutines’, ‘R_useDynamicSymbols’
It is good practice to register native routines and to disable symbol
search.
See ‘Writing portable packages’ in the ‘Writing R Extensions’ manual.
Flavors: r-devel-linux-x86_64-fedora-clang, r-devel-linux-x86_64-fedora-gcc