Last updated on 2019-11-26 00:51:53 CET.
Flavor | Version | Tinstall | Tcheck | Ttotal | Status | Flags |
---|---|---|---|---|---|---|
r-devel-linux-x86_64-debian-clang | 1.1 | 5.38 | 82.48 | 87.86 | OK | |
r-devel-linux-x86_64-debian-gcc | 1.1 | 4.03 | 60.16 | 64.19 | OK | |
r-devel-linux-x86_64-fedora-clang | 1.1 | 93.09 | NOTE | |||
r-devel-linux-x86_64-fedora-gcc | 1.1 | 93.88 | NOTE | |||
r-devel-windows-ix86+x86_64 | 1.1 | 16.00 | 89.00 | 105.00 | OK | |
r-devel-windows-ix86+x86_64-gcc8 | 1.1 | 9.00 | 91.00 | 100.00 | OK | |
r-patched-linux-x86_64 | 1.1 | 4.35 | 77.19 | 81.54 | OK | |
r-patched-solaris-x86 | 1.1 | 137.90 | NOTE | |||
r-release-linux-x86_64 | 1.1 | 5.38 | 76.81 | 82.19 | OK | |
r-release-windows-ix86+x86_64 | 1.1 | 12.00 | 115.00 | 127.00 | OK | |
r-release-osx-x86_64 | 1.1 | NOTE | ||||
r-oldrel-windows-ix86+x86_64 | 1.1 | 5.00 | 90.00 | 95.00 | OK | |
r-oldrel-osx-x86_64 | 1.1 | NOTE |
Version: 1.1
Check: dependencies in R code
Result: NOTE
Namespace in Imports field not imported from: ‘urca’
All declared Imports should be used.
Flavors: r-devel-linux-x86_64-fedora-clang, r-devel-linux-x86_64-fedora-gcc, r-patched-solaris-x86, r-release-osx-x86_64, r-oldrel-osx-x86_64