Last updated on 2019-11-26 00:51:53 CET.
Flavor | Version | Tinstall | Tcheck | Ttotal | Status | Flags |
---|---|---|---|---|---|---|
r-devel-linux-x86_64-debian-clang | 1.2.2 | 7.84 | 58.90 | 66.74 | OK | |
r-devel-linux-x86_64-debian-gcc | 1.2.2 | 7.05 | 46.97 | 54.02 | OK | |
r-devel-linux-x86_64-fedora-clang | 1.2.2 | 75.39 | NOTE | |||
r-devel-linux-x86_64-fedora-gcc | 1.2.2 | 74.22 | NOTE | |||
r-devel-windows-ix86+x86_64 | 1.2.2 | 19.00 | 64.00 | 83.00 | OK | |
r-devel-windows-ix86+x86_64-gcc8 | 1.2.2 | 15.00 | 66.00 | 81.00 | OK | |
r-patched-linux-x86_64 | 1.2.2 | 6.45 | 55.77 | 62.22 | OK | |
r-patched-solaris-x86 | 1.2.2 | 115.00 | NOTE | |||
r-release-linux-x86_64 | 1.2.2 | 7.90 | 56.56 | 64.46 | OK | |
r-release-windows-ix86+x86_64 | 1.2.2 | 17.00 | 68.00 | 85.00 | OK | |
r-release-osx-x86_64 | 1.2.2 | NOTE | ||||
r-oldrel-windows-ix86+x86_64 | 1.2.2 | 6.00 | 87.00 | 93.00 | OK | |
r-oldrel-osx-x86_64 | 1.2.2 | NOTE |
Version: 1.2.2
Check: dependencies in R code
Result: NOTE
Namespaces in Imports field not imported from:
‘doParallel’ ‘foreach’ ‘spgwr’
All declared Imports should be used.
Flavors: r-devel-linux-x86_64-fedora-clang, r-devel-linux-x86_64-fedora-gcc, r-patched-solaris-x86, r-release-osx-x86_64, r-oldrel-osx-x86_64