Last updated on 2019-11-26 00:51:52 CET.
Flavor | Version | Tinstall | Tcheck | Ttotal | Status | Flags |
---|---|---|---|---|---|---|
r-devel-linux-x86_64-debian-clang | 2.1.5 | 3.05 | 38.08 | 41.13 | OK | |
r-devel-linux-x86_64-debian-gcc | 2.1.5 | 2.44 | 29.97 | 32.41 | OK | |
r-devel-linux-x86_64-fedora-clang | 2.1.5 | 48.67 | NOTE | |||
r-devel-linux-x86_64-fedora-gcc | 2.1.5 | 47.92 | NOTE | |||
r-devel-windows-ix86+x86_64 | 2.1.5 | 11.00 | 56.00 | 67.00 | OK | |
r-devel-windows-ix86+x86_64-gcc8 | 2.1.5 | 9.00 | 59.00 | 68.00 | OK | |
r-patched-linux-x86_64 | 2.1.5 | 2.22 | 37.09 | 39.31 | OK | |
r-patched-solaris-x86 | 2.1.5 | 66.20 | NOTE | |||
r-release-linux-x86_64 | 2.1.5 | 2.71 | 36.99 | 39.70 | OK | |
r-release-windows-ix86+x86_64 | 2.1.5 | 9.00 | 74.00 | 83.00 | OK | |
r-release-osx-x86_64 | 2.1.5 | NOTE | ||||
r-oldrel-windows-ix86+x86_64 | 2.1.5 | 4.00 | 84.00 | 88.00 | OK | |
r-oldrel-osx-x86_64 | 2.1.5 | NOTE |
Version: 2.1.5
Check: data for non-ASCII characters
Result: NOTE
Note: found 17 marked UTF-8 strings
Flavors: r-devel-linux-x86_64-fedora-clang, r-devel-linux-x86_64-fedora-gcc, r-patched-solaris-x86, r-release-osx-x86_64, r-oldrel-osx-x86_64