CRAN Package Check Results for Package GerminaR

Last updated on 2019-11-26 00:51:52 CET.

Flavor Version Tinstall Tcheck Ttotal Status Flags
r-devel-linux-x86_64-debian-clang 1.3 12.46 116.10 128.56 OK
r-devel-linux-x86_64-debian-gcc 1.3 11.47 89.09 100.56 OK
r-devel-linux-x86_64-fedora-clang 1.3 150.68 NOTE
r-devel-linux-x86_64-fedora-gcc 1.3 148.32 NOTE
r-devel-windows-ix86+x86_64 1.3 43.00 187.00 230.00 OK
r-devel-windows-ix86+x86_64-gcc8 1.3 31.00 130.00 161.00 OK
r-patched-linux-x86_64 1.3 12.23 111.15 123.38 OK
r-patched-solaris-x86 1.3 222.60 NOTE
r-release-linux-x86_64 1.3 11.21 111.07 122.28 OK
r-release-windows-ix86+x86_64 1.3 48.00 165.00 213.00 OK
r-release-osx-x86_64 1.3 NOTE
r-oldrel-windows-ix86+x86_64 1.3 12.00 115.00 127.00 OK
r-oldrel-osx-x86_64 1.3 NOTE

Check Details

Version: 1.3
Check: dependencies in R code
Result: NOTE
    Namespaces in Imports field not imported from:
     ‘DT’ ‘shinydashboard’
     All declared Imports should be used.
Flavors: r-devel-linux-x86_64-fedora-clang, r-devel-linux-x86_64-fedora-gcc, r-patched-solaris-x86, r-release-osx-x86_64, r-oldrel-osx-x86_64