Last updated on 2019-11-26 00:51:54 CET.
Flavor | Version | Tinstall | Tcheck | Ttotal | Status | Flags |
---|---|---|---|---|---|---|
r-devel-linux-x86_64-debian-clang | 0.0-2 | 10.89 | 66.68 | 77.57 | NOTE | |
r-devel-linux-x86_64-debian-gcc | 0.0-2 | 8.25 | 51.42 | 59.67 | NOTE | |
r-devel-linux-x86_64-fedora-clang | 0.0-2 | 86.49 | NOTE | |||
r-devel-linux-x86_64-fedora-gcc | 0.0-2 | 86.51 | NOTE | |||
r-devel-windows-ix86+x86_64 | 0.0-2 | 42.00 | 142.00 | 184.00 | OK | |
r-devel-windows-ix86+x86_64-gcc8 | 0.0-2 | 26.00 | 104.00 | 130.00 | NOTE | |
r-patched-linux-x86_64 | 0.0-2 | 8.66 | 65.13 | 73.79 | NOTE | |
r-patched-solaris-x86 | 0.0-2 | 131.80 | NOTE | |||
r-release-linux-x86_64 | 0.0-2 | 9.60 | 65.39 | 74.99 | NOTE | |
r-release-windows-ix86+x86_64 | 0.0-2 | 40.00 | 109.00 | 149.00 | OK | |
r-release-osx-x86_64 | 0.0-2 | NOTE | ||||
r-oldrel-windows-ix86+x86_64 | 0.0-2 | 21.00 | 133.00 | 154.00 | OK | |
r-oldrel-osx-x86_64 | 0.0-2 | OK |
Version: 0.0-2
Check: package dependencies
Result: NOTE
Package suggested but not available for checking: 'FGN'
Flavors: r-devel-linux-x86_64-debian-clang, r-devel-linux-x86_64-debian-gcc, r-devel-linux-x86_64-fedora-clang, r-devel-linux-x86_64-fedora-gcc, r-devel-windows-ix86+x86_64-gcc8, r-patched-linux-x86_64, r-patched-solaris-x86, r-release-linux-x86_64, r-release-osx-x86_64
Version: 0.0-2
Check: compiled code
Result: NOTE
File ‘HKprocess/libs/HKprocess.so’:
Found no calls to: ‘R_registerRoutines’, ‘R_useDynamicSymbols’
It is good practice to register native routines and to disable symbol
search.
See ‘Writing portable packages’ in the ‘Writing R Extensions’ manual.
Flavors: r-devel-linux-x86_64-fedora-clang, r-devel-linux-x86_64-fedora-gcc