CRAN Package Check Results for Package HLMdiag

Last updated on 2019-11-26 00:51:54 CET.

Flavor Version Tinstall Tcheck Ttotal Status Flags
r-devel-linux-x86_64-debian-clang 0.3.1 93.38 102.06 195.44 OK
r-devel-linux-x86_64-debian-gcc 0.3.1 70.35 77.91 148.26 OK
r-devel-linux-x86_64-fedora-clang 0.3.1 239.92 NOTE
r-devel-linux-x86_64-fedora-gcc 0.3.1 237.82 NOTE
r-devel-windows-ix86+x86_64 0.3.1 263.00 151.00 414.00 OK
r-devel-windows-ix86+x86_64-gcc8 0.3.1 197.00 157.00 354.00 OK
r-patched-linux-x86_64 0.3.1 73.50 99.15 172.65 OK
r-patched-solaris-x86 0.3.1 259.10 OK
r-release-linux-x86_64 0.3.1 73.02 97.37 170.39 OK
r-release-windows-ix86+x86_64 0.3.1 220.00 198.00 418.00 OK
r-release-osx-x86_64 0.3.1 OK
r-oldrel-windows-ix86+x86_64 0.3.1 138.00 143.00 281.00 OK
r-oldrel-osx-x86_64 0.3.1 OK

Check Details

Version: 0.3.1
Check: compiled code
Result: NOTE
    File ‘HLMdiag/libs/HLMdiag.so’:
     Found no calls to: ‘R_registerRoutines’, ‘R_useDynamicSymbols’
    
    It is good practice to register native routines and to disable symbol
    search.
    
    See ‘Writing portable packages’ in the ‘Writing R Extensions’ manual.
Flavors: r-devel-linux-x86_64-fedora-clang, r-devel-linux-x86_64-fedora-gcc