Last updated on 2019-11-26 00:51:54 CET.
Flavor | Version | Tinstall | Tcheck | Ttotal | Status | Flags |
---|---|---|---|---|---|---|
r-devel-linux-x86_64-debian-clang | 1.0.0 | 4.17 | 67.74 | 71.91 | NOTE | |
r-devel-linux-x86_64-debian-gcc | 1.0.0 | 3.32 | 50.97 | 54.29 | NOTE | |
r-devel-linux-x86_64-fedora-clang | 1.0.0 | 77.93 | NOTE | |||
r-devel-linux-x86_64-fedora-gcc | 1.0.0 | 76.58 | NOTE | |||
r-devel-windows-ix86+x86_64 | 1.0.0 | 18.00 | 80.00 | 98.00 | NOTE | |
r-devel-windows-ix86+x86_64-gcc8 | 1.0.0 | 10.00 | 74.00 | 84.00 | NOTE | |
r-patched-linux-x86_64 | 1.0.0 | 3.58 | 62.19 | 65.77 | NOTE | |
r-patched-solaris-x86 | 1.0.0 | 104.40 | NOTE | |||
r-release-linux-x86_64 | 1.0.0 | 3.54 | 63.13 | 66.67 | NOTE | |
r-release-windows-ix86+x86_64 | 1.0.0 | 15.00 | 106.00 | 121.00 | NOTE | |
r-release-osx-x86_64 | 1.0.0 | NOTE | ||||
r-oldrel-windows-ix86+x86_64 | 1.0.0 | 5.00 | 73.00 | 78.00 | NOTE | |
r-oldrel-osx-x86_64 | 1.0.0 | NOTE |
Version: 1.0.0
Check: R code for possible problems
Result: NOTE
Func.ABOD: no visible global function definition for 'combn'
Func.ABOD: no visible global function definition for 'var'
Func.SOD: no visible global function definition for 'var'
Func.trans : erf: no visible global function definition for 'pnorm'
Func.trans: no visible global function definition for 'sd'
Undefined global functions or variables:
combn pnorm sd var
Consider adding
importFrom("stats", "pnorm", "sd", "var")
importFrom("utils", "combn")
to your NAMESPACE file.
Flavors: r-devel-linux-x86_64-debian-clang, r-devel-linux-x86_64-debian-gcc, r-devel-linux-x86_64-fedora-clang, r-devel-linux-x86_64-fedora-gcc, r-devel-windows-ix86+x86_64, r-devel-windows-ix86+x86_64-gcc8, r-patched-linux-x86_64, r-patched-solaris-x86, r-release-linux-x86_64, r-release-windows-ix86+x86_64, r-release-osx-x86_64, r-oldrel-windows-ix86+x86_64, r-oldrel-osx-x86_64