Last updated on 2019-11-26 00:51:54 CET.
Flavor | Version | Tinstall | Tcheck | Ttotal | Status | Flags |
---|---|---|---|---|---|---|
r-devel-linux-x86_64-debian-clang | 0.3.42 | 13.48 | 219.03 | 232.51 | OK | |
r-devel-linux-x86_64-debian-gcc | 0.3.42 | 9.96 | 166.59 | 176.55 | OK | |
r-devel-linux-x86_64-fedora-clang | 0.3.42 | 271.96 | OK | |||
r-devel-linux-x86_64-fedora-gcc | 0.3.42 | 260.85 | OK | |||
r-devel-windows-ix86+x86_64 | 0.3.42 | 32.00 | 225.00 | 257.00 | OK | |
r-devel-windows-ix86+x86_64-gcc8 | 0.3.42 | 18.00 | 220.00 | 238.00 | OK | |
r-patched-linux-x86_64 | 0.3.42 | 11.61 | 213.25 | 224.86 | OK | |
r-patched-solaris-x86 | 0.3.42 | 407.60 | OK | |||
r-release-linux-x86_64 | 0.3.42 | 12.45 | 216.21 | 228.66 | OK | |
r-release-windows-ix86+x86_64 | 0.3.42 | 37.00 | 280.00 | 317.00 | OK | |
r-release-osx-x86_64 | 0.3.42 | WARN | ||||
r-oldrel-windows-ix86+x86_64 | 0.3.42 | 14.00 | 310.00 | 324.00 | OK | |
r-oldrel-osx-x86_64 | 0.3.42 | OK |
Version: 0.3.42
Check: whether package can be installed
Result: WARN
Found the following significant warnings:
Warning: 'rgl_init' failed, running with rgl.useNULL = TRUE
Flavor: r-release-osx-x86_64