Last updated on 2019-11-26 00:51:55 CET.
Flavor | Version | Tinstall | Tcheck | Ttotal | Status | Flags |
---|---|---|---|---|---|---|
r-devel-linux-x86_64-debian-clang | 1.1.5 | 15.58 | 172.35 | 187.93 | OK | |
r-devel-linux-x86_64-debian-gcc | 1.1.5 | 13.83 | 132.19 | 146.02 | OK | |
r-devel-linux-x86_64-fedora-clang | 1.1.5 | 215.25 | NOTE | |||
r-devel-linux-x86_64-fedora-gcc | 1.1.5 | 228.66 | NOTE | |||
r-devel-windows-ix86+x86_64 | 1.1.5 | 62.00 | 172.00 | 234.00 | NOTE | |
r-devel-windows-ix86+x86_64-gcc8 | 1.1.5 | 46.00 | 163.00 | 209.00 | NOTE | |
r-patched-linux-x86_64 | 1.1.5 | 15.14 | 163.65 | 178.79 | OK | |
r-patched-solaris-x86 | 1.1.5 | 357.40 | NOTE | |||
r-release-linux-x86_64 | 1.1.5 | 14.96 | 170.87 | 185.83 | OK | |
r-release-windows-ix86+x86_64 | 1.1.5 | 58.00 | 163.00 | 221.00 | NOTE | |
r-release-osx-x86_64 | 1.1.5 | NOTE | ||||
r-oldrel-windows-ix86+x86_64 | 1.1.5 | 36.00 | 204.00 | 240.00 | NOTE | |
r-oldrel-osx-x86_64 | 1.1.5 | NOTE |
Version: 1.1.5
Check: installed package size
Result: NOTE
installed size is 9.1Mb
sub-directories of 1Mb or more:
data 1.4Mb
extdata 7.5Mb
Flavors: r-devel-linux-x86_64-fedora-clang, r-devel-windows-ix86+x86_64, r-devel-windows-ix86+x86_64-gcc8, r-patched-solaris-x86, r-release-windows-ix86+x86_64, r-release-osx-x86_64, r-oldrel-windows-ix86+x86_64, r-oldrel-osx-x86_64
Version: 1.1.5
Check: dependencies in R code
Result: NOTE
Namespaces in Imports field not imported from:
‘Matrix’ ‘expm’
All declared Imports should be used.
Flavors: r-devel-linux-x86_64-fedora-clang, r-devel-linux-x86_64-fedora-gcc, r-patched-solaris-x86, r-release-osx-x86_64, r-oldrel-osx-x86_64