Last updated on 2019-11-26 00:51:56 CET.
Flavor | Version | Tinstall | Tcheck | Ttotal | Status | Flags |
---|---|---|---|---|---|---|
r-devel-linux-x86_64-debian-clang | 1.0-2 | 10.51 | 100.76 | 111.27 | OK | |
r-devel-linux-x86_64-debian-gcc | 1.0-2 | 9.42 | 78.15 | 87.57 | OK | |
r-devel-linux-x86_64-fedora-clang | 1.0-2 | 125.31 | NOTE | |||
r-devel-linux-x86_64-fedora-gcc | 1.0-2 | 125.63 | NOTE | |||
r-devel-windows-ix86+x86_64 | 1.0-2 | 41.00 | 122.00 | 163.00 | OK | |
r-devel-windows-ix86+x86_64-gcc8 | 1.0-2 | 22.00 | 123.00 | 145.00 | OK | |
r-patched-linux-x86_64 | 1.0-2 | 9.34 | 96.20 | 105.54 | OK | |
r-patched-solaris-x86 | 1.0-2 | 203.40 | NOTE | |||
r-release-linux-x86_64 | 1.0-2 | 11.18 | 96.11 | 107.29 | OK | |
r-release-windows-ix86+x86_64 | 1.0-2 | 32.00 | 151.00 | 183.00 | OK | |
r-release-osx-x86_64 | 1.0-2 | NOTE | ||||
r-oldrel-windows-ix86+x86_64 | 1.0-2 | 12.00 | 94.00 | 106.00 | OK | |
r-oldrel-osx-x86_64 | 1.0-2 | NOTE |
Version: 1.0-2
Check: data for non-ASCII characters
Result: NOTE
Note: found 55 marked UTF-8 strings
Flavors: r-devel-linux-x86_64-fedora-clang, r-devel-linux-x86_64-fedora-gcc, r-patched-solaris-x86, r-release-osx-x86_64, r-oldrel-osx-x86_64