Last updated on 2019-11-26 00:51:57 CET.
Flavor | Version | Tinstall | Tcheck | Ttotal | Status | Flags |
---|---|---|---|---|---|---|
r-devel-linux-x86_64-debian-clang | 2.29 | 54.29 | 120.36 | 174.65 | OK | |
r-devel-linux-x86_64-debian-gcc | 2.29 | 33.53 | 91.33 | 124.86 | OK | |
r-devel-linux-x86_64-fedora-clang | 2.29 | 205.40 | OK | |||
r-devel-linux-x86_64-fedora-gcc | 2.29 | 192.20 | OK | |||
r-devel-windows-ix86+x86_64 | 2.29 | 182.00 | 168.00 | 350.00 | NOTE | |
r-devel-windows-ix86+x86_64-gcc8 | 2.29 | 161.00 | 159.00 | 320.00 | NOTE | |
r-patched-linux-x86_64 | 2.29 | 35.09 | 116.22 | 151.31 | OK | |
r-patched-solaris-x86 | 2.29 | 255.60 | OK | |||
r-release-linux-x86_64 | 2.29 | 37.91 | 116.64 | 154.55 | OK | |
r-release-windows-ix86+x86_64 | 2.29 | 166.00 | 162.00 | 328.00 | NOTE | |
r-release-osx-x86_64 | 2.29 | OK | ||||
r-oldrel-windows-ix86+x86_64 | 2.29 | 120.00 | 205.00 | 325.00 | NOTE | |
r-oldrel-osx-x86_64 | 2.29 | OK |
Version: 2.29
Check: installed package size
Result: NOTE
installed size is 5.3Mb
sub-directories of 1Mb or more:
doc 3.2Mb
libs 1.6Mb
Flavors: r-devel-windows-ix86+x86_64, r-devel-windows-ix86+x86_64-gcc8, r-release-windows-ix86+x86_64, r-oldrel-windows-ix86+x86_64