CRAN Package Check Results for Package MFKnockoffs

Last updated on 2019-11-26 00:51:57 CET.

Flavor Version Tinstall Tcheck Ttotal Status Flags
r-devel-linux-x86_64-debian-clang 0.9.1 3.54 975.08 978.62 OK
r-devel-linux-x86_64-debian-gcc 0.9.1 2.07 684.46 686.53 OK
r-devel-linux-x86_64-fedora-clang 0.9.1 1194.04 OK
r-devel-linux-x86_64-fedora-gcc 0.9.1 1202.83 OK
r-devel-windows-ix86+x86_64 0.9.1 12.00 1196.00 1208.00 NOTE
r-devel-windows-ix86+x86_64-gcc8 0.9.1 8.00 978.00 986.00 NOTE
r-patched-linux-x86_64 0.9.1 2.40 919.12 921.52 OK
r-patched-solaris-x86 0.9.1 3087.00 OK
r-release-linux-x86_64 0.9.1 2.67 924.39 927.06 OK
r-release-windows-ix86+x86_64 0.9.1 7.00 1094.00 1101.00 NOTE
r-release-osx-x86_64 0.9.1 FAIL
r-oldrel-windows-ix86+x86_64 0.9.1 4.00 867.00 871.00 NOTE
r-oldrel-osx-x86_64 0.9.1 FAIL

Check Details

Version: 0.9.1
Check: package dependencies
Result: NOTE
    Package suggested but not available for checking: 'doMC'
Flavors: r-devel-windows-ix86+x86_64, r-devel-windows-ix86+x86_64-gcc8, r-release-windows-ix86+x86_64, r-oldrel-windows-ix86+x86_64

Version: 0.9.1
Check: re-building of vignette outputs
Result: FAIL
    
Flavor: r-release-osx-x86_64

Version: 0.9.1
Check: re-building of vignette outputs
Result: WARN
    Error in re-building vignettes:
     ...
    Warning in engine$weave(file, quiet = quiet, encoding = enc) :
     Pandoc (>= 1.12.3) and/or pandoc-citeproc not available. Falling back to R Markdown v1.
    Loading required package: Matrix
    Loading required package: foreach
    Loaded glmnet 2.0-16
    
    
    Execution halted
Flavor: r-oldrel-osx-x86_64

Version: 0.9.1
Check: PDF version of manual
Result: FAIL
    
Flavor: r-oldrel-osx-x86_64