Last updated on 2019-11-26 00:51:58 CET.
Flavor | Version | Tinstall | Tcheck | Ttotal | Status | Flags |
---|---|---|---|---|---|---|
r-devel-linux-x86_64-debian-clang | 1.0 | 7.09 | 71.36 | 78.45 | NOTE | |
r-devel-linux-x86_64-debian-gcc | 1.0 | 6.96 | 56.75 | 63.71 | NOTE | |
r-devel-linux-x86_64-fedora-clang | 1.0 | 93.34 | NOTE | |||
r-devel-linux-x86_64-fedora-gcc | 1.0 | 92.18 | NOTE | |||
r-devel-windows-ix86+x86_64 | 1.0 | 23.00 | 112.00 | 135.00 | NOTE | |
r-devel-windows-ix86+x86_64-gcc8 | 1.0 | 17.00 | 84.00 | 101.00 | NOTE | |
r-patched-linux-x86_64 | 1.0 | 7.37 | 69.91 | 77.28 | NOTE | |
r-patched-solaris-x86 | 1.0 | 137.70 | NOTE | |||
r-release-linux-x86_64 | 1.0 | 7.71 | 70.06 | 77.77 | NOTE | |
r-release-windows-ix86+x86_64 | 1.0 | 17.00 | 81.00 | 98.00 | NOTE | |
r-release-osx-x86_64 | 1.0 | NOTE | ||||
r-oldrel-windows-ix86+x86_64 | 1.0 | 6.00 | 110.00 | 116.00 | NOTE | |
r-oldrel-osx-x86_64 | 1.0 | NOTE |
Version: 1.0
Check: DESCRIPTION meta-information
Result: NOTE
Malformed Title field: should not end in a period.
Flavors: r-devel-linux-x86_64-debian-clang, r-devel-linux-x86_64-debian-gcc, r-devel-linux-x86_64-fedora-clang, r-devel-linux-x86_64-fedora-gcc, r-devel-windows-ix86+x86_64, r-devel-windows-ix86+x86_64-gcc8, r-patched-linux-x86_64, r-patched-solaris-x86, r-release-linux-x86_64, r-release-windows-ix86+x86_64, r-release-osx-x86_64, r-oldrel-windows-ix86+x86_64, r-oldrel-osx-x86_64
Version: 1.0
Check: R code for possible problems
Result: NOTE
GetExampleData: no visible binding for global variable 'MPINetData'
Getenvir: no visible binding for global variable 'MPINetData'
getPSS: no visible global function definition for 'lines'
performpcls: no visible global function definition for 'binomial'
Undefined global functions or variables:
MPINetData binomial lines
Consider adding
importFrom("graphics", "lines")
importFrom("stats", "binomial")
to your NAMESPACE file.
Flavors: r-devel-linux-x86_64-debian-clang, r-devel-linux-x86_64-debian-gcc, r-devel-linux-x86_64-fedora-clang, r-devel-linux-x86_64-fedora-gcc, r-devel-windows-ix86+x86_64, r-devel-windows-ix86+x86_64-gcc8, r-patched-linux-x86_64, r-patched-solaris-x86, r-release-linux-x86_64, r-release-windows-ix86+x86_64, r-release-osx-x86_64, r-oldrel-windows-ix86+x86_64, r-oldrel-osx-x86_64