Last updated on 2019-11-26 00:51:58 CET.
Flavor | Version | Tinstall | Tcheck | Ttotal | Status | Flags |
---|---|---|---|---|---|---|
r-devel-linux-x86_64-debian-clang | 1.0.2 | 2.92 | 32.39 | 35.31 | NOTE | |
r-devel-linux-x86_64-debian-gcc | 1.0.2 | 2.67 | 25.06 | 27.73 | NOTE | |
r-devel-linux-x86_64-fedora-clang | 1.0.2 | 41.59 | NOTE | |||
r-devel-linux-x86_64-fedora-gcc | 1.0.2 | 40.51 | NOTE | |||
r-devel-windows-ix86+x86_64 | 1.0.2 | 9.00 | 41.00 | 50.00 | NOTE | |
r-devel-windows-ix86+x86_64-gcc8 | 1.0.2 | 9.00 | 43.00 | 52.00 | NOTE | |
r-patched-linux-x86_64 | 1.0.2 | 3.29 | 31.58 | 34.87 | NOTE | |
r-patched-solaris-x86 | 1.0.2 | 61.20 | NOTE | |||
r-release-linux-x86_64 | 1.0.2 | 2.68 | 30.51 | 33.19 | NOTE | |
r-release-windows-ix86+x86_64 | 1.0.2 | 5.00 | 65.00 | 70.00 | NOTE | |
r-release-osx-x86_64 | 1.0.2 | NOTE | ||||
r-oldrel-windows-ix86+x86_64 | 1.0.2 | 3.00 | 37.00 | 40.00 | NOTE | |
r-oldrel-osx-x86_64 | 1.0.2 | NOTE |
Version: 1.0.2
Check: R code for possible problems
Result: NOTE
AndersonDarling: no visible global function definition for 'spline'
Hawkins: no visible global function definition for 'cov'
Hawkins: no visible global function definition for 'pf'
Impute: no visible global function definition for 'cov'
Mimpute: no visible global function definition for 'rnorm'
SimNey: no visible global function definition for 'runif'
TestMCARNormality: no visible global function definition for 'cov'
TestMCARNormality: no visible global function definition for 'pchisq'
TestUNey: no visible global function definition for 'pchisq'
boxplot.testhomosc: no visible global function definition for 'par'
boxplot.testhomosc: no visible global function definition for 'title'
boxplot.testhomosc: no visible global function definition for 'abline'
Undefined global functions or variables:
abline cov par pchisq pf rnorm runif spline title
Consider adding
importFrom("graphics", "abline", "par", "title")
importFrom("stats", "cov", "pchisq", "pf", "rnorm", "runif", "spline")
to your NAMESPACE file.
Flavors: r-devel-linux-x86_64-debian-clang, r-devel-linux-x86_64-debian-gcc, r-devel-linux-x86_64-fedora-clang, r-devel-linux-x86_64-fedora-gcc, r-devel-windows-ix86+x86_64, r-devel-windows-ix86+x86_64-gcc8, r-patched-linux-x86_64, r-patched-solaris-x86, r-release-linux-x86_64, r-release-windows-ix86+x86_64, r-release-osx-x86_64, r-oldrel-windows-ix86+x86_64, r-oldrel-osx-x86_64