Last updated on 2019-11-26 00:51:58 CET.
Flavor | Version | Tinstall | Tcheck | Ttotal | Status | Flags |
---|---|---|---|---|---|---|
r-devel-linux-x86_64-debian-clang | 0.0.31 | 12.32 | 97.90 | 110.22 | OK | |
r-devel-linux-x86_64-debian-gcc | 0.0.31 | 11.47 | 74.92 | 86.39 | OK | |
r-devel-linux-x86_64-fedora-clang | 0.0.31 | 123.30 | NOTE | |||
r-devel-linux-x86_64-fedora-gcc | 0.0.31 | 121.32 | NOTE | |||
r-devel-windows-ix86+x86_64 | 0.0.31 | 51.00 | 107.00 | 158.00 | OK | |
r-devel-windows-ix86+x86_64-gcc8 | 0.0.31 | 30.00 | 96.00 | 126.00 | OK | |
r-patched-linux-x86_64 | 0.0.31 | 12.81 | 92.10 | 104.91 | OK | |
r-patched-solaris-x86 | 0.0.31 | 188.80 | NOTE | |||
r-release-linux-x86_64 | 0.0.31 | 11.34 | 91.82 | 103.16 | OK | |
r-release-windows-ix86+x86_64 | 0.0.31 | 41.00 | 132.00 | 173.00 | OK | |
r-release-osx-x86_64 | 0.0.31 | NOTE | ||||
r-oldrel-windows-ix86+x86_64 | 0.0.31 | 14.00 | 90.00 | 104.00 | OK | |
r-oldrel-osx-x86_64 | 0.0.31 | NOTE |
Version: 0.0.31
Check: dependencies in R code
Result: NOTE
Namespace in Imports field not imported from: ‘ggplot2’
All declared Imports should be used.
Flavors: r-devel-linux-x86_64-fedora-clang, r-devel-linux-x86_64-fedora-gcc, r-patched-solaris-x86, r-release-osx-x86_64, r-oldrel-osx-x86_64