CRAN Package Check Results for Package NetworkChange

Last updated on 2019-11-26 00:51:59 CET.

Flavor Version Tinstall Tcheck Ttotal Status Flags
r-devel-linux-x86_64-debian-clang 0.5 20.34 145.50 165.84 OK
r-devel-linux-x86_64-debian-gcc 0.5 18.98 111.73 130.71 OK
r-devel-linux-x86_64-fedora-clang 0.5 186.01 NOTE
r-devel-linux-x86_64-fedora-gcc 0.5 181.00 NOTE
r-devel-windows-ix86+x86_64 0.5 86.00 160.00 246.00 OK
r-devel-windows-ix86+x86_64-gcc8 0.5 49.00 157.00 206.00 OK
r-patched-linux-x86_64 0.5 18.90 136.67 155.57 OK
r-patched-solaris-x86 0.5 269.70 NOTE
r-release-linux-x86_64 0.5 18.67 137.52 156.19 OK
r-release-windows-ix86+x86_64 0.5 66.00 230.00 296.00 OK
r-release-osx-x86_64 0.5 NOTE
r-oldrel-windows-ix86+x86_64 0.5 23.00 129.00 152.00 OK
r-oldrel-osx-x86_64 0.5 NOTE

Check Details

Version: 0.5
Check: dependencies in R code
Result: NOTE
    Namespace in Imports field not imported from: ‘sna’
     All declared Imports should be used.
Flavors: r-devel-linux-x86_64-fedora-clang, r-devel-linux-x86_64-fedora-gcc, r-patched-solaris-x86, r-release-osx-x86_64, r-oldrel-osx-x86_64