CRAN Package Check Results for Package Patterns

Last updated on 2019-11-26 00:52:01 CET.

Flavor Version Tinstall Tcheck Ttotal Status Flags
r-devel-linux-x86_64-debian-clang 1.2 11.62 135.50 147.12 OK
r-devel-linux-x86_64-debian-gcc 1.2 10.60 105.19 115.79 OK
r-devel-linux-x86_64-fedora-clang 1.2 176.76 NOTE
r-devel-linux-x86_64-fedora-gcc 1.2 182.53 NOTE
r-devel-windows-ix86+x86_64 1.2 40.00 204.00 244.00 OK
r-devel-windows-ix86+x86_64-gcc8 1.2 30.00 156.00 186.00 OK
r-patched-linux-x86_64 1.2 12.01 130.29 142.30 OK
r-patched-solaris-x86 1.2 271.10 NOTE
r-release-linux-x86_64 1.2 13.16 131.91 145.07 OK
r-release-windows-ix86+x86_64 1.2 32.00 196.00 228.00 OK
r-release-osx-x86_64 1.2 ERROR
r-oldrel-windows-ix86+x86_64 1.2 16.00 170.00 186.00 OK
r-oldrel-osx-x86_64 1.2 ERROR

Check Details

Version: 1.2
Check: dependencies in R code
Result: NOTE
    Namespaces in Imports field not imported from:
     ‘Biobase’ ‘KernSmooth’ ‘Mfuzz’ ‘SelectBoost’ ‘animation’ ‘c060’
     ‘cluster’ ‘gplots’ ‘grid’ ‘jetset’
     All declared Imports should be used.
Flavors: r-devel-linux-x86_64-fedora-clang, r-devel-linux-x86_64-fedora-gcc, r-patched-solaris-x86

Version: 1.2
Check: package dependencies
Result: ERROR
    Packages required but not available: 'jetset', 'Mfuzz', 'WGCNA'
    
    See section ‘The DESCRIPTION file’ in the ‘Writing R Extensions’
    manual.
Flavor: r-release-osx-x86_64

Version: 1.2
Check: package dependencies
Result: ERROR
    Package required but not available: ‘Mfuzz’
    
    See section ‘The DESCRIPTION file’ in the ‘Writing R Extensions’
    manual.
Flavor: r-oldrel-osx-x86_64