CRAN Package Check Results for Package PwrGSD

Last updated on 2019-11-26 00:52:04 CET.

Flavor Version Tinstall Tcheck Ttotal Status Flags
r-devel-linux-x86_64-debian-clang 2.3.1 20.06 145.92 165.98 WARN
r-devel-linux-x86_64-debian-gcc 2.3.1 15.36 110.91 126.27 WARN
r-devel-linux-x86_64-fedora-clang 2.3.1 194.09 OK
r-devel-linux-x86_64-fedora-gcc 2.3.1 199.11 WARN
r-devel-windows-ix86+x86_64 2.3.1 58.00 299.00 357.00 OK
r-devel-windows-ix86+x86_64-gcc8 2.3.1 55.00 247.00 302.00 OK
r-patched-linux-x86_64 2.3.1 17.97 149.12 167.09 OK
r-patched-solaris-x86 2.3.1 289.50 OK
r-release-linux-x86_64 2.3.1 16.62 148.94 165.56 OK
r-release-windows-ix86+x86_64 2.3.1 52.00 247.00 299.00 OK
r-release-osx-x86_64 2.3.1 OK
r-oldrel-windows-ix86+x86_64 2.3.1 39.00 268.00 307.00 ERROR
r-oldrel-osx-x86_64 2.3.1 OK

Additional issues

LTO

Check Details

Version: 2.3.1
Check: whether package can be installed
Result: WARN
    Found the following significant warnings:
     projectend.c:378:16: warning: ignoring return value of function declared with 'warn_unused_result' attribute [-Wunused-result]
     projectend.c:391:16: warning: ignoring return value of function declared with 'warn_unused_result' attribute [-Wunused-result]
     projectend.c:403:16: warning: ignoring return value of function declared with 'warn_unused_result' attribute [-Wunused-result]
Flavor: r-devel-linux-x86_64-debian-clang

Version: 2.3.1
Check: whether package can be installed
Result: WARN
    Found the following significant warnings:
     projectend.c:378:16: warning: ignoring return value of ‘scanf’, declared with attribute warn_unused_result [-Wunused-result]
     projectend.c:391:16: warning: ignoring return value of ‘scanf’, declared with attribute warn_unused_result [-Wunused-result]
     projectend.c:403:16: warning: ignoring return value of ‘scanf’, declared with attribute warn_unused_result [-Wunused-result]
Flavors: r-devel-linux-x86_64-debian-gcc, r-devel-linux-x86_64-fedora-gcc

Version: 2.3.1
Check: whether package can be installed
Result: ERROR
    Installation failed.
Flavor: r-oldrel-windows-ix86+x86_64