Last updated on 2019-11-26 00:52:04 CET.
Flavor | Version | Tinstall | Tcheck | Ttotal | Status | Flags |
---|---|---|---|---|---|---|
r-devel-linux-x86_64-debian-clang | 1.3 | 2.67 | 27.78 | 30.45 | NOTE | |
r-devel-linux-x86_64-debian-gcc | 1.3 | 1.89 | 22.66 | 24.55 | NOTE | |
r-devel-linux-x86_64-fedora-clang | 1.3 | 36.13 | NOTE | |||
r-devel-linux-x86_64-fedora-gcc | 1.3 | 35.42 | NOTE | |||
r-devel-windows-ix86+x86_64 | 1.3 | 6.00 | 40.00 | 46.00 | NOTE | |
r-devel-windows-ix86+x86_64-gcc8 | 1.3 | 8.00 | 39.00 | 47.00 | NOTE | |
r-patched-linux-x86_64 | 1.3 | 2.43 | 27.55 | 29.98 | NOTE | |
r-patched-solaris-x86 | 1.3 | 56.30 | NOTE | |||
r-release-linux-x86_64 | 1.3 | 2.50 | 27.47 | 29.97 | NOTE | |
r-release-windows-ix86+x86_64 | 1.3 | 5.00 | 49.00 | 54.00 | NOTE | |
r-release-osx-x86_64 | 1.3 | NOTE | ||||
r-oldrel-windows-ix86+x86_64 | 1.3 | 3.00 | 33.00 | 36.00 | NOTE | |
r-oldrel-osx-x86_64 | 1.3 | NOTE |
Version: 1.3
Check: DESCRIPTION meta-information
Result: NOTE
Malformed Description field: should contain one or more complete sentences.
Flavors: r-devel-linux-x86_64-debian-clang, r-devel-linux-x86_64-debian-gcc, r-devel-linux-x86_64-fedora-clang, r-devel-linux-x86_64-fedora-gcc, r-devel-windows-ix86+x86_64, r-devel-windows-ix86+x86_64-gcc8, r-patched-linux-x86_64, r-patched-solaris-x86, r-release-linux-x86_64, r-release-windows-ix86+x86_64, r-release-osx-x86_64, r-oldrel-windows-ix86+x86_64, r-oldrel-osx-x86_64
Version: 1.3
Check: installed package size
Result: NOTE
installed size is 12.7Mb
sub-directories of 1Mb or more:
data 12.5Mb
Flavors: r-devel-linux-x86_64-fedora-clang, r-devel-windows-ix86+x86_64, r-devel-windows-ix86+x86_64-gcc8, r-patched-solaris-x86, r-release-windows-ix86+x86_64, r-release-osx-x86_64, r-oldrel-windows-ix86+x86_64, r-oldrel-osx-x86_64