CRAN Package Check Results for Package R.SamBada

Last updated on 2019-11-26 00:52:04 CET.

Flavor Version Tinstall Tcheck Ttotal Status Flags
r-devel-linux-x86_64-debian-clang 0.1.1 5.17 48.54 53.71 NOTE
r-devel-linux-x86_64-debian-gcc 0.1.2 4.69 37.75 42.44 OK
r-devel-linux-x86_64-fedora-clang 0.1.2 52.81 OK
r-devel-linux-x86_64-fedora-gcc 0.1.2 58.22 OK
r-devel-windows-ix86+x86_64 0.1.1 13.00 92.00 105.00 OK
r-devel-windows-ix86+x86_64-gcc8 0.1.1 15.00 69.00 84.00 OK
r-patched-linux-x86_64 0.1.1 4.40 46.32 50.72 OK
r-release-linux-x86_64 0.1.1 5.67 46.61 52.28 OK
r-release-windows-ix86+x86_64 0.1.2 10.00 68.00 78.00 OK
r-release-osx-x86_64 0.1.1 OK
r-oldrel-windows-ix86+x86_64 0.1.1 8.00 90.00 98.00 OK
r-oldrel-osx-x86_64 0.1.1 OK

Check Details

Version: 0.1.1
Check: for non-standard things in the check directory
Result: NOTE
    Found the following files/directories:
     'Sambada-error-log-20191124-200444.txt'
Flavor: r-devel-linux-x86_64-debian-clang