Last updated on 2019-11-26 00:52:09 CET.
Flavor | Version | Tinstall | Tcheck | Ttotal | Status | Flags |
---|---|---|---|---|---|---|
r-devel-linux-x86_64-debian-clang | 1.3 | 19.17 | 29.57 | 48.74 | OK | |
r-devel-linux-x86_64-debian-gcc | 1.3 | 13.21 | 24.36 | 37.57 | OK | |
r-devel-linux-x86_64-fedora-clang | 1.3 | 63.39 | NOTE | |||
r-devel-linux-x86_64-fedora-gcc | 1.3 | 60.08 | NOTE | |||
r-devel-windows-ix86+x86_64 | 1.3 | 50.00 | 68.00 | 118.00 | OK | |
r-devel-windows-ix86+x86_64-gcc8 | 1.3 | 57.00 | 72.00 | 129.00 | OK | |
r-patched-linux-x86_64 | 1.3 | 13.58 | 29.49 | 43.07 | OK | |
r-patched-solaris-x86 | 1.3 | 78.50 | OK | |||
r-release-linux-x86_64 | 1.3 | 13.94 | 29.88 | 43.82 | OK | |
r-release-windows-ix86+x86_64 | 1.3 | 47.00 | 71.00 | 118.00 | OK | |
r-release-osx-x86_64 | 1.3 | OK | ||||
r-oldrel-windows-ix86+x86_64 | 1.3 | 28.00 | 96.00 | 124.00 | OK | |
r-oldrel-osx-x86_64 | 1.3 | OK |
Version: 1.3
Check: compiled code
Result: NOTE
File ‘RI2by2/libs/RI2by2.so’:
Found no calls to: ‘R_registerRoutines’, ‘R_useDynamicSymbols’
It is good practice to register native routines and to disable symbol
search.
See ‘Writing portable packages’ in the ‘Writing R Extensions’ manual.
Flavors: r-devel-linux-x86_64-fedora-clang, r-devel-linux-x86_64-fedora-gcc