Last updated on 2019-11-26 00:52:09 CET.
Flavor | Version | Tinstall | Tcheck | Ttotal | Status | Flags |
---|---|---|---|---|---|---|
r-devel-linux-x86_64-debian-clang | 0.1.0 | 3.25 | 33.56 | 36.81 | OK | |
r-devel-linux-x86_64-debian-gcc | 0.1.0 | 2.68 | 25.93 | 28.61 | OK | |
r-devel-linux-x86_64-fedora-clang | 0.1.0 | 43.07 | OK | |||
r-devel-linux-x86_64-fedora-gcc | 0.1.0 | 42.20 | OK | |||
r-devel-windows-ix86+x86_64 | 0.1.0 | 12.00 | 45.00 | 57.00 | OK | |
r-devel-windows-ix86+x86_64-gcc8 | 0.1.0 | 11.00 | 49.00 | 60.00 | OK | |
r-patched-linux-x86_64 | 0.1.0 | 2.92 | 32.50 | 35.42 | OK | |
r-patched-solaris-x86 | 0.1.0 | 67.90 | OK | |||
r-release-linux-x86_64 | 0.1.0 | 2.65 | 32.43 | 35.08 | OK | |
r-release-windows-ix86+x86_64 | 0.1.0 | 9.00 | 65.00 | 74.00 | OK | |
r-release-osx-x86_64 | 0.1.0 | OK | ||||
r-oldrel-osx-x86_64 | 0.1.0 | ERROR |
Version: 0.1.0
Check: whether package can be installed
Result: ERROR
Installation failed.
Flavor: r-oldrel-osx-x86_64