CRAN Package Check Results for Package RPESE

Last updated on 2019-11-26 00:52:09 CET.

Flavor Version Tinstall Tcheck Ttotal Status Flags
r-devel-linux-x86_64-debian-clang 1.0 4.38 42.59 46.97 OK
r-devel-linux-x86_64-debian-gcc 1.0 3.51 33.14 36.65 OK
r-devel-linux-x86_64-fedora-clang 1.0 58.34 NOTE
r-devel-linux-x86_64-fedora-gcc 1.0 57.80 NOTE
r-devel-windows-ix86+x86_64 1.0 22.00 54.00 76.00 OK
r-devel-windows-ix86+x86_64-gcc8 1.0 18.00 58.00 76.00 OK
r-patched-linux-x86_64 1.0 3.85 41.15 45.00 OK
r-patched-solaris-x86 1.0 83.70 NOTE
r-release-linux-x86_64 1.0 3.24 41.59 44.83 OK
r-release-windows-ix86+x86_64 1.0 20.00 76.00 96.00 OK
r-release-osx-x86_64 1.0 NOTE
r-oldrel-windows-ix86+x86_64 1.0 6.00 53.00 59.00 OK
r-oldrel-osx-x86_64 1.0 NOTE

Check Details

Version: 1.0
Check: dependencies in R code
Result: NOTE
    Namespace in Imports field not imported from: ‘robustbase’
     All declared Imports should be used.
Flavors: r-devel-linux-x86_64-fedora-clang, r-devel-linux-x86_64-fedora-gcc, r-patched-solaris-x86, r-release-osx-x86_64, r-oldrel-osx-x86_64