CRAN Package Check Results for Package RSpectra

Last updated on 2019-11-26 00:52:10 CET.

Flavor Version Tinstall Tcheck Ttotal Status Flags
r-devel-linux-x86_64-debian-clang 0.15-0 164.26 62.34 226.60 OK
r-devel-linux-x86_64-debian-gcc 0.15-0 163.91 53.51 217.42 OK
r-devel-linux-x86_64-fedora-clang 0.15-0 320.32 NOTE
r-devel-linux-x86_64-fedora-gcc 0.15-0 364.97 OK
r-devel-windows-ix86+x86_64 0.15-0 356.00 138.00 494.00 OK
r-devel-windows-ix86+x86_64-gcc8 0.15-0 347.00 107.00 454.00 OK
r-patched-linux-x86_64 0.15-0 180.16 64.11 244.27 OK
r-patched-solaris-x86 0.15-0 299.70 OK
r-release-linux-x86_64 0.15-0 174.79 63.98 238.77 OK
r-release-windows-ix86+x86_64 0.15-0 342.00 102.00 444.00 OK
r-release-osx-x86_64 0.15-0 NOTE
r-oldrel-windows-ix86+x86_64 0.15-0 256.00 89.00 345.00 OK
r-oldrel-osx-x86_64 0.15-0 NOTE

Check Details

Version: 0.15-0
Check: installed package size
Result: NOTE
     installed size is 44.1Mb
     sub-directories of 1Mb or more:
     libs 43.4Mb
Flavors: r-devel-linux-x86_64-fedora-clang, r-release-osx-x86_64, r-oldrel-osx-x86_64